{"id":64016,"date":"2019-07-12T18:50:52","date_gmt":"2019-07-12T18:50:52","guid":{"rendered":"https:\/\/espan.edu.pt\/site\/?page_id=64016"},"modified":"2020-05-15T17:42:21","modified_gmt":"2020-05-15T17:42:21","slug":"guias-tutoriais","status":"publish","type":"page","link":"https:\/\/espan.edu.pt\/site\/guias-tutoriais\/","title":{"rendered":"Guias \/ Tutoriais"},"content":{"rendered":"<div class=\"wpb-content-wrapper\"><p>[vc_row][vc_column][vc_column_text]<\/p>\n<h1><span style=\"color: #ff6600;\">Professores do AEQB<\/span><\/h1>\n<p>[\/vc_column_text][\/vc_column][\/vc_row][vc_row][vc_column width=&#8221;1\/3&#8243;][vc_column_text]<a href=\"https:\/\/espan.edu.pt\/site\/wp-content\/uploads\/2020\/05\/JITSI_agendamento_datas.pdf\" class=\"pdfemb-viewer\" style=\"\" data-width=\"max\" data-height=\"max\"  data-toolbar=\"bottom\" data-toolbar-fixed=\"on\">JITSI_agendamento_datas<br\/><\/a><\/p>\n<p>Pode descarregar <a href=\"https:\/\/espan.edu.pt\/site\/wp-content\/uploads\/2020\/05\/JITSI_agendamento_datas.pdf\"><strong>aqui<\/strong><\/a> o ficheiro.<\/p>\n<p>Publicado em: 12-05-2020[\/vc_column_text][\/vc_column][vc_column width=&#8221;1\/3&#8243;][vc_column_text]<a href=\"https:\/\/espan.edu.pt\/site\/wp-content\/uploads\/2020\/05\/Criar_recurso_sumissao_trabalho.pdf\" class=\"pdfemb-viewer\" style=\"\" data-width=\"max\" data-height=\"max\"  data-toolbar=\"bottom\" data-toolbar-fixed=\"on\">Criar_recurso_sumissao_trabalho<br\/><\/a><\/p>\n<p>Pode descarregar <a href=\"https:\/\/espan.edu.pt\/site\/wp-content\/uploads\/2020\/05\/Criar_recurso_sumissao_trabalho.pdf\"><strong>aqui<\/strong><\/a> o ficheiro.<\/p>\n<p>Publicado em: 13-05-2020[\/vc_column_text][\/vc_column][vc_column width=&#8221;1\/3&#8243;][vc_column_text]<a href=\"https:\/\/espan.edu.pt\/site\/wp-content\/uploads\/2020\/05\/Hiperligac\u0327o\u0303es-no-Moodle.pdf\" class=\"pdfemb-viewer\" style=\"\" data-width=\"max\" data-height=\"max\"  data-toolbar=\"bottom\" data-toolbar-fixed=\"on\">Hiperligac\u0327o\u0303es no Moodle<br\/><\/a><\/p>\n<p>Pode descarregar <a href=\"https:\/\/espan.edu.pt\/site\/wp-content\/uploads\/2020\/05\/Hiperligac\u0327o\u0303es-no-Moodle.pdf\"><strong>aqui<\/strong><\/a> o ficheiro.<\/p>\n<p>Publicado em: 13-05-2020[\/vc_column_text][\/vc_column][\/vc_row][vc_row][vc_column][\/vc_column][\/vc_row][vc_row][vc_column width=&#8221;1\/3&#8243;][vc_column_text]<a href=\"https:\/\/espan.edu.pt\/site\/wp-content\/uploads\/2020\/05\/Partilha-de-ficheiros-com-pessoas-externas-ao-AEQB-via-OneDrive_v3-2.pdf\" class=\"pdfemb-viewer\" style=\"\" data-width=\"max\" data-height=\"max\"  data-toolbar=\"bottom\" data-toolbar-fixed=\"on\">Partilha de ficheiros com pessoas externas ao AEQB via OneDrive_v3<br\/><\/a><\/p>\n<p>Pode descarregar <a href=\"https:\/\/espan.edu.pt\/site\/wp-content\/uploads\/2020\/05\/Partilha-de-ficheiros-com-pessoas-externas-ao-AEQB-via-OneDrive_v3.pdf\"><strong>aqui<\/strong><\/a> o ficheiro.<\/p>\n<p>Publicado em: 03-05-2020[\/vc_column_text][\/vc_column][vc_column width=&#8221;1\/3&#8243;][vc_column_text]<a href=\"https:\/\/espan.edu.pt\/site\/wp-content\/uploads\/2020\/05\/ZOOM_via_Moodle_Senha.pdf\" class=\"pdfemb-viewer\" style=\"\" data-width=\"max\" data-height=\"max\"  data-toolbar=\"bottom\" data-toolbar-fixed=\"on\">ZOOM_via_Moodle_Senha<br\/><\/a><\/p>\n<p>Pode descarregar <a href=\"https:\/\/espan.edu.pt\/site\/wp-content\/uploads\/2020\/05\/ZOOM_via_Moodle_Senha.pdf\"><strong>aqui<\/strong><\/a> o ficheiro.<\/p>\n<p>Publicado em: 12-05-2020[\/vc_column_text][\/vc_column][vc_column width=&#8221;1\/3&#8243;][vc_column_text]<a href=\"https:\/\/espan.edu.pt\/site\/wp-content\/uploads\/2020\/05\/Criar-sessa\u0303o-ZOOM.pdf\" class=\"pdfemb-viewer\" style=\"\" data-width=\"max\" data-height=\"max\"  data-toolbar=\"bottom\" data-toolbar-fixed=\"on\">Criar sessa\u0303o ZOOM<br\/><\/a><\/p>\n<p>Pode descarregar <a href=\"https:\/\/espan.edu.pt\/site\/wp-content\/uploads\/2020\/05\/Criar-sessa\u0303o-ZOOM.pdf\"><strong>aqui<\/strong><\/a> o ficheiro.<\/p>\n<p>Publicado em: 03-05-2020[\/vc_column_text][\/vc_column][\/vc_row][vc_row][vc_column width=&#8221;1\/3&#8243;][vc_column_text]<\/p>\n<h4>Feedback \/ Feedfoward em formato \u00e1udio no Moodle do AEQB<\/h4>\n<div style=\"width: 640px;\" class=\"wp-video\"><!--[if lt IE 9]><script>document.createElement('video');<\/script><![endif]-->\n<video class=\"wp-video-shortcode\" id=\"video-64016-1\" width=\"640\" height=\"300\" preload=\"metadata\" controls=\"controls\"><source type=\"video\/mp4\" src=\"https:\/\/espan.edu.pt\/videos\/moodle\/MOODLE-Feedback-Feedfoward.mp4?_=1\" \/><a href=\"https:\/\/espan.edu.pt\/videos\/moodle\/MOODLE-Feedback-Feedfoward.mp4\">https:\/\/espan.edu.pt\/videos\/moodle\/MOODLE-Feedback-Feedfoward.mp4<\/a><\/video><\/div>\n<p>Publicado em: 15-05-2020[\/vc_column_text][\/vc_column][vc_column width=&#8221;1\/3&#8243;][vc_column_text]<\/p>\n<h4>Duplica\u00e7\u00e3o de atividade\/recurso na plataforma Moodle<\/h4>\n<div style=\"width: 640px;\" class=\"wp-video\"><video class=\"wp-video-shortcode\" id=\"video-64016-2\" width=\"640\" height=\"300\" preload=\"metadata\" controls=\"controls\"><source type=\"video\/mp4\" src=\"https:\/\/espan.edu.pt\/videos\/moodle\/MOODLE-Duplicar.mp4?_=2\" \/><a href=\"https:\/\/espan.edu.pt\/videos\/moodle\/MOODLE-Duplicar.mp4\">https:\/\/espan.edu.pt\/videos\/moodle\/MOODLE-Duplicar.mp4<\/a><\/video><\/div>Publicado em: 27-04-2020[\/vc_column_text][\/vc_column][vc_column width=&#8221;1\/3&#8243;][vc_column_text]<\/p>\n<h4>Recuperar senha de acesso \u00e0 plataforma Moodle<\/h4>\n<div style=\"width: 640px;\" class=\"wp-video\"><video class=\"wp-video-shortcode\" id=\"video-64016-3\" width=\"640\" height=\"300\" preload=\"metadata\" controls=\"controls\"><source type=\"video\/mp4\" src=\"https:\/\/espan.edu.pt\/videos\/moodle\/MOODLE-Recuperar-Senha.mp4?_=3\" \/><a href=\"https:\/\/espan.edu.pt\/videos\/moodle\/MOODLE-Recuperar-Senha.mp4\">https:\/\/espan.edu.pt\/videos\/moodle\/MOODLE-Recuperar-Senha.mp4<\/a><\/video><\/div>Publicado em: 27-04-2020[\/vc_column_text][\/vc_column][\/vc_row][vc_row][vc_column][\/vc_column][\/vc_row][vc_row][vc_column width=&#8221;1\/3&#8243;][vc_column_text]<\/p>\n<h4>Criar atividades para grupos de alunos \/ turmas na mesma disciplina Moodle<\/h4>\n<div style=\"width: 640px;\" class=\"wp-video\"><video class=\"wp-video-shortcode\" id=\"video-64016-4\" width=\"640\" height=\"300\" preload=\"metadata\" controls=\"controls\"><source type=\"video\/mp4\" src=\"https:\/\/espan.edu.pt\/videos\/moodle\/MOODLE-Criar-Atividade-Para-Grupos.mp4?_=4\" \/><a href=\"https:\/\/espan.edu.pt\/videos\/moodle\/MOODLE-Criar-Atividade-Para-Grupos.mp4\">https:\/\/espan.edu.pt\/videos\/moodle\/MOODLE-Criar-Atividade-Para-Grupos.mp4<\/a><\/video><\/div>Publicado em: 15-04-2020[\/vc_column_text][\/vc_column][vc_column width=&#8221;1\/3&#8243;][vc_column_text]<\/p>\n<h4>Criar v\u00e1rias turmas na mesma disciplina Moodle<\/h4>\n<div style=\"width: 640px;\" class=\"wp-video\"><video class=\"wp-video-shortcode\" id=\"video-64016-5\" width=\"640\" height=\"300\" preload=\"metadata\" controls=\"controls\"><source type=\"video\/mp4\" src=\"https:\/\/espan.edu.pt\/videos\/moodle\/MOODLE-Criar-Grupos.mp4?_=5\" \/><a href=\"https:\/\/espan.edu.pt\/videos\/moodle\/MOODLE-Criar-Grupos.mp4\">https:\/\/espan.edu.pt\/videos\/moodle\/MOODLE-Criar-Grupos.mp4<\/a><\/video><\/div>Publicado em: 14-04-2020[\/vc_column_text][\/vc_column][vc_column width=&#8221;1\/3&#8243;][vc_column_text]<\/p>\n<h4>Configurar autoinscri\u00e7\u00e3o de alunos em disciplina da plataforma Moodle<\/h4>\n<div style=\"width: 640px;\" class=\"wp-video\"><video class=\"wp-video-shortcode\" id=\"video-64016-6\" width=\"640\" height=\"300\" preload=\"metadata\" controls=\"controls\"><source type=\"video\/mp4\" src=\"https:\/\/espan.edu.pt\/videos\/moodle\/MOODLE-Ativar-Autoinscricao.mp4?_=6\" \/><a href=\"https:\/\/espan.edu.pt\/videos\/moodle\/MOODLE-Ativar-Autoinscricao.mp4\">https:\/\/espan.edu.pt\/videos\/moodle\/MOODLE-Ativar-Autoinscricao.mp4<\/a><\/video><\/div>Publicado em: 12-04-2020[\/vc_column_text][\/vc_column][\/vc_row][vc_row][vc_column][\/vc_column][\/vc_row][vc_row][vc_column width=&#8221;1\/3&#8243;][vc_column_text]<\/p>\n<h4>Inscrever aluno(s) em disciplina da plataforma Moodle<\/h4>\n<div style=\"width: 640px;\" class=\"wp-video\"><video class=\"wp-video-shortcode\" id=\"video-64016-7\" width=\"640\" height=\"300\" preload=\"metadata\" controls=\"controls\"><source type=\"video\/mp4\" src=\"https:\/\/espan.edu.pt\/videos\/moodle\/MOODLE-Inscrever-Participantes-Disciplina.mp4?_=7\" \/><a href=\"https:\/\/espan.edu.pt\/videos\/moodle\/MOODLE-Inscrever-Participantes-Disciplina.mp4\">https:\/\/espan.edu.pt\/videos\/moodle\/MOODLE-Inscrever-Participantes-Disciplina.mp4<\/a><\/video><\/div>Publicado em: 12-04-2020[\/vc_column_text][\/vc_column][vc_column width=&#8221;1\/3&#8243;][vc_column_text]<\/p>\n<h4>Instalar e configurar Moodle no computador e\/ou Telem\u00f3vel<\/h4>\n<div style=\"width: 640px;\" class=\"wp-video\"><video class=\"wp-video-shortcode\" id=\"video-64016-8\" width=\"640\" height=\"300\" preload=\"metadata\" controls=\"controls\"><source type=\"video\/mp4\" src=\"https:\/\/espan.edu.pt\/videos\/moodle\/MOODLE-Computador-Telemovel.mp4?_=8\" \/><a href=\"https:\/\/espan.edu.pt\/videos\/moodle\/MOODLE-Computador-Telemovel.mp4\">https:\/\/espan.edu.pt\/videos\/moodle\/MOODLE-Computador-Telemovel.mp4<\/a><\/video><\/div>Publicado em: 17-04-2020[\/vc_column_text][\/vc_column][vc_column width=&#8221;1\/3&#8243;][vc_column_text]<\/p>\n<h4>Pedir\u00a0 disciplina na plataforma Moodle<\/h4>\n<div style=\"width: 640px;\" class=\"wp-video\"><video class=\"wp-video-shortcode\" id=\"video-64016-9\" width=\"640\" height=\"300\" preload=\"metadata\" controls=\"controls\"><source type=\"video\/mp4\" src=\"https:\/\/espan.edu.pt\/videos\/moodle\/MOODLE-Professor-Pedir-Disciplina.mp4?_=9\" \/><a href=\"https:\/\/espan.edu.pt\/videos\/moodle\/MOODLE-Professor-Pedir-Disciplina.mp4\">https:\/\/espan.edu.pt\/videos\/moodle\/MOODLE-Professor-Pedir-Disciplina.mp4<\/a><\/video><\/div>[\/vc_column_text][\/vc_column][\/vc_row][vc_row][vc_column][\/vc_column][\/vc_row][vc_row][vc_column width=&#8221;1\/3&#8243;][vc_column_text]<\/p>\n<h4>Acesso e gest\u00e3o documental no Microsoft OneDrive<\/h4>\n<div style=\"width: 640px;\" class=\"wp-video\"><video class=\"wp-video-shortcode\" id=\"video-64016-10\" width=\"640\" height=\"300\" preload=\"metadata\" controls=\"controls\"><source type=\"video\/mp4\" src=\"https:\/\/espan.edu.pt\/site\/wp-content\/uploads\/2020\/03\/OneDrive.mp4?_=10\" \/><a href=\"https:\/\/espan.edu.pt\/site\/wp-content\/uploads\/2020\/03\/OneDrive.mp4\">https:\/\/espan.edu.pt\/site\/wp-content\/uploads\/2020\/03\/OneDrive.mp4<\/a><\/video><\/div>[\/vc_column_text][\/vc_column][vc_column width=&#8221;1\/3&#8243;][vc_column_text]<\/p>\n<h4>Criar v\u00eddeoconfer\u00eancia Zoom<\/h4>\n<div style=\"width: 640px;\" class=\"wp-video\"><video class=\"wp-video-shortcode\" id=\"video-64016-11\" width=\"640\" height=\"300\" preload=\"metadata\" controls=\"controls\"><source type=\"video\/mp4\" src=\"https:\/\/espan.edu.pt\/videos\/moodle\/MOODLE-Criar-Atividade-Zoom.mp4?_=11\" \/><a href=\"https:\/\/espan.edu.pt\/videos\/moodle\/MOODLE-Criar-Atividade-Zoom.mp4\">https:\/\/espan.edu.pt\/videos\/moodle\/MOODLE-Criar-Atividade-Zoom.mp4<\/a><\/video><\/div><span style=\"color: #0000ff;\">Nota: para ativar esta fun\u00e7\u00e3o na sua disciplina da plataforma Moodle deve solicit\u00e1-lo por email para admin.cursosonline@espan.edu.pt<\/span>[\/vc_column_text][\/vc_column][vc_column width=&#8221;1\/3&#8243;][vc_column_text]<\/p>\n<h4>Gest\u00e3o de v\u00eddeoconfer\u00eancias no Microsoft Teams<\/h4>\n<div style=\"width: 640px;\" class=\"wp-video\"><video class=\"wp-video-shortcode\" id=\"video-64016-12\" width=\"640\" height=\"300\" preload=\"metadata\" controls=\"controls\"><source type=\"video\/mp4\" src=\"https:\/\/espan.edu.pt\/videos\/teams\/teams.mp4?_=12\" \/><a href=\"https:\/\/espan.edu.pt\/videos\/teams\/teams.mp4\">https:\/\/espan.edu.pt\/videos\/teams\/teams.mp4<\/a><\/video><\/div>[\/vc_column_text][\/vc_column][\/vc_row][vc_row][vc_column][vc_column_text]<\/p>\n<hr \/>\n<p>&nbsp;[\/vc_column_text][\/vc_column][\/vc_row][vc_row][vc_column][vc_column_text]<\/p>\n<h1><span style=\"color: #ff6600;\">Alunos do AEQB<\/span><\/h1>\n<p>[\/vc_column_text][\/vc_column][\/vc_row][vc_row][vc_column width=&#8221;1\/3&#8243;][vc_column_text][\/vc_column_text][\/vc_column][vc_column width=&#8221;1\/3&#8243;][vc_column_text]<\/p>\n<h4>Recuperar senha de acesso \u00e0 plataforma Moodle<\/h4>\n<div style=\"width: 640px;\" class=\"wp-video\"><video class=\"wp-video-shortcode\" id=\"video-64016-13\" width=\"640\" height=\"300\" preload=\"metadata\" controls=\"controls\"><source type=\"video\/mp4\" src=\"https:\/\/espan.edu.pt\/videos\/moodle\/MOODLE-Recuperar-Senha.mp4?_=13\" \/><a href=\"https:\/\/espan.edu.pt\/videos\/moodle\/MOODLE-Recuperar-Senha.mp4\">https:\/\/espan.edu.pt\/videos\/moodle\/MOODLE-Recuperar-Senha.mp4<\/a><\/video><\/div>Publicado em: 27-04-2020[\/vc_column_text][\/vc_column][vc_column width=&#8221;1\/3&#8243;][vc_column_text]<\/p>\n<h4>Submeter trabalhos\/atividades na plataforma Moodle<\/h4>\n<div style=\"width: 640px;\" class=\"wp-video\"><video class=\"wp-video-shortcode\" id=\"video-64016-14\" width=\"640\" height=\"300\" preload=\"metadata\" controls=\"controls\"><source type=\"video\/mp4\" src=\"https:\/\/espan.edu.pt\/videos\/moodle\/MOODLE-Submeter-Trabalho.mp4?_=14\" \/><a href=\"https:\/\/espan.edu.pt\/videos\/moodle\/MOODLE-Submeter-Trabalho.mp4\">https:\/\/espan.edu.pt\/videos\/moodle\/MOODLE-Submeter-Trabalho.mp4<\/a><\/video><\/div>Publicado em: 24-04-2020[\/vc_column_text][\/vc_column][\/vc_row][vc_row][vc_column][\/vc_column][\/vc_row][vc_row][vc_column width=&#8221;1\/3&#8243;][vc_column_text]<\/p>\n<h4>Modificar senha ou email na plataforma Moodle<\/h4>\n<div style=\"width: 640px;\" class=\"wp-video\"><video class=\"wp-video-shortcode\" id=\"video-64016-15\" width=\"640\" height=\"300\" preload=\"metadata\" controls=\"controls\"><source type=\"video\/mp4\" src=\"https:\/\/espan.edu.pt\/videos\/moodle\/MOODLE-Senha-Email.mp4?_=15\" \/><a href=\"https:\/\/espan.edu.pt\/videos\/moodle\/MOODLE-Senha-Email.mp4\">https:\/\/espan.edu.pt\/videos\/moodle\/MOODLE-Senha-Email.mp4<\/a><\/video><\/div>Publicado em: 27-04-2020[\/vc_column_text][\/vc_column][vc_column width=&#8221;1\/3&#8243;][vc_column_text]<\/p>\n<h4>Instalar e configurar Moodle no computador e\/ou Telem\u00f3vel<\/h4>\n<div style=\"width: 640px;\" class=\"wp-video\"><video class=\"wp-video-shortcode\" id=\"video-64016-16\" width=\"640\" height=\"300\" preload=\"metadata\" controls=\"controls\"><source type=\"video\/mp4\" src=\"https:\/\/espan.edu.pt\/videos\/moodle\/MOODLE-Computador-Telemovel.mp4?_=16\" \/><a href=\"https:\/\/espan.edu.pt\/videos\/moodle\/MOODLE-Computador-Telemovel.mp4\">https:\/\/espan.edu.pt\/videos\/moodle\/MOODLE-Computador-Telemovel.mp4<\/a><\/video><\/div>Publicado em: 17-04-2020[\/vc_column_text][\/vc_column][vc_column width=&#8221;1\/3&#8243;][vc_column_text]<\/p>\n<h4>Registo de aluno na plataforma Moodle do AEQB<\/h4>\n<div style=\"width: 640px;\" class=\"wp-video\"><video class=\"wp-video-shortcode\" id=\"video-64016-17\" width=\"640\" height=\"300\" preload=\"metadata\" controls=\"controls\"><source type=\"video\/mp4\" src=\"https:\/\/espan.edu.pt\/videos\/moodle\/MOODLE-Registo-Aluno.mp4?_=17\" \/><a href=\"https:\/\/espan.edu.pt\/videos\/moodle\/MOODLE-Registo-Aluno.mp4\">https:\/\/espan.edu.pt\/videos\/moodle\/MOODLE-Registo-Aluno.mp4<\/a><\/video><\/div>[\/vc_column_text][\/vc_column][\/vc_row][vc_row][vc_column][\/vc_column][\/vc_row][vc_row][vc_column width=&#8221;1\/3&#8243;][vc_column_text]<\/p>\n<h4>Participar em v\u00eddeoconfer\u00eancia na plataforma Moodle do AEQB<\/h4>\n<div style=\"width: 640px;\" class=\"wp-video\"><video class=\"wp-video-shortcode\" id=\"video-64016-18\" width=\"640\" height=\"300\" preload=\"metadata\" controls=\"controls\"><source type=\"video\/mp4\" src=\"https:\/\/espan.edu.pt\/videos\/moodle\/MOODLE-Participar-Zoom.mp4?_=18\" \/><a href=\"https:\/\/espan.edu.pt\/videos\/moodle\/MOODLE-Participar-Zoom.mp4\">https:\/\/espan.edu.pt\/videos\/moodle\/MOODLE-Participar-Zoom.mp4<\/a><\/video><\/div>[\/vc_column_text][\/vc_column][vc_column width=&#8221;1\/3&#8243;][vc_column_text]<\/p>\n<h4>Participar em v\u00eddeoconfer\u00eancia Zoom na plataforma Moodle do AEQB via Android<\/h4>\n<div style=\"width: 640px;\" class=\"wp-video\"><video class=\"wp-video-shortcode\" id=\"video-64016-19\" width=\"640\" height=\"300\" preload=\"metadata\" controls=\"controls\"><source type=\"video\/mp4\" src=\"https:\/\/espan.edu.pt\/videos\/moodle\/MOODLE-Zoom-Android.mp4?_=19\" \/><a href=\"https:\/\/espan.edu.pt\/videos\/moodle\/MOODLE-Zoom-Android.mp4\">https:\/\/espan.edu.pt\/videos\/moodle\/MOODLE-Zoom-Android.mp4<\/a><\/video><\/div>[\/vc_column_text][\/vc_column][vc_column width=&#8221;1\/3&#8243;][vc_column_text]<\/p>\n<h4>Renova\u00e7\u00e3o de matr\u00edcula no InovarConsulta<\/h4>\n<p><iframe widht=\"300px\" height=\"300px\" src=\"https:\/\/www.youtube.com\/embed\/qTk_EhjTzxU\" frameborder=\"0\" allowfullscreen=\"allowfullscreen\"><\/iframe>[\/vc_column_text][\/vc_column][\/vc_row]<\/p>\n<\/div>","protected":false},"excerpt":{"rendered":"<p>[vc_row][vc_column][vc_column_text] Professores do AEQB [\/vc_column_text][\/vc_column][\/vc_row][vc_row][vc_column width=&#8221;1\/3&#8243;][vc_column_text] Pode descarregar aqui o ficheiro. Publicado em: 12-05-2020[\/vc_column_text][\/vc_column][vc_column width=&#8221;1\/3&#8243;][vc_column_text] Pode descarregar aqui o ficheiro. Publicado em: 13-05-2020[\/vc_column_text][\/vc_column][vc_column width=&#8221;1\/3&#8243;][vc_column_text] Pode descarregar aqui o ficheiro. Publicado &hellip; <\/p>\n","protected":false},"author":1,"featured_media":0,"parent":0,"menu_order":0,"comment_status":"closed","ping_status":"closed","template":"","meta":{"_bbp_topic_count":0,"_bbp_reply_count":0,"_bbp_total_topic_count":0,"_bbp_total_reply_count":0,"_bbp_voice_count":0,"_bbp_anonymous_reply_count":0,"_bbp_topic_count_hidden":0,"_bbp_reply_count_hidden":0,"_bbp_forum_subforum_count":0},"categories":[],"tags":[],"uagb_featured_image_src":{"full":false,"thumbnail":false,"medium":false,"medium_large":false,"large":false,"1536x1536":false,"2048x2048":false},"uagb_author_info":{"display_name":"Administrador","author_link":"https:\/\/espan.edu.pt\/site\/author\/administrador\/"},"uagb_comment_info":0,"uagb_excerpt":"[vc_row][vc_column][vc_column_text] Professores do AEQB [\/vc_column_text][\/vc_column][\/vc_row][vc_row][vc_column width=&#8221;1\/3&#8243;][vc_column_text] Pode descarregar aqui o ficheiro. Publicado em: 12-05-2020[\/vc_column_text][\/vc_column][vc_column width=&#8221;1\/3&#8243;][vc_column_text] Pode descarregar aqui o ficheiro. Publicado em: 13-05-2020[\/vc_column_text][\/vc_column][vc_column width=&#8221;1\/3&#8243;][vc_column_text] Pode descarregar aqui o ficheiro. Publicado &hellip;","_links":{"self":[{"href":"https:\/\/espan.edu.pt\/site\/wp-json\/wp\/v2\/pages\/64016"}],"collection":[{"href":"https:\/\/espan.edu.pt\/site\/wp-json\/wp\/v2\/pages"}],"about":[{"href":"https:\/\/espan.edu.pt\/site\/wp-json\/wp\/v2\/types\/page"}],"author":[{"embeddable":true,"href":"https:\/\/espan.edu.pt\/site\/wp-json\/wp\/v2\/users\/1"}],"replies":[{"embeddable":true,"href":"https:\/\/espan.edu.pt\/site\/wp-json\/wp\/v2\/comments?post=64016"}],"version-history":[{"count":116,"href":"https:\/\/espan.edu.pt\/site\/wp-json\/wp\/v2\/pages\/64016\/revisions"}],"predecessor-version":[{"id":247258,"href":"https:\/\/espan.edu.pt\/site\/wp-json\/wp\/v2\/pages\/64016\/revisions\/247258"}],"wp:attachment":[{"href":"https:\/\/espan.edu.pt\/site\/wp-json\/wp\/v2\/media?parent=64016"}],"wp:term":[{"taxonomy":"category","embeddable":true,"href":"https:\/\/espan.edu.pt\/site\/wp-json\/wp\/v2\/categories?post=64016"},{"taxonomy":"post_tag","embeddable":true,"href":"https:\/\/espan.edu.pt\/site\/wp-json\/wp\/v2\/tags?post=64016"}],"curies":[{"name":"wp","href":"https:\/\/api.w.org\/{rel}","templated":true}]}}