{"id":4523,"date":"2015-10-19T04:23:53","date_gmt":"2015-10-19T04:23:53","guid":{"rendered":"http:\/\/demo.thimpress.com\/eduma\/?page_id=12"},"modified":"2026-01-06T10:20:29","modified_gmt":"2026-01-06T10:20:29","slug":"home","status":"publish","type":"page","link":"https:\/\/espan.edu.pt\/site\/","title":{"rendered":"Home"},"content":{"rendered":"<div class=\"wpb-content-wrapper\"><p>[vc_row full_width=&#8221;stretch_row_content_no_spaces&#8221;][vc_column][rev_slider_vc alias=&#8221;home-page&#8221;][\/vc_column][\/vc_row][vc_row full_width=&#8221;stretch_row&#8221; parallax=&#8221;content-moving&#8221; parallax_image=&#8221;190400&#8243; parallax_speed_bg=&#8221;1.3&#8243; el_class=&#8221;thim-dark thim-join-the-elite-group&#8221;][vc_column][vc_images_carousel images=&#8221;190249,190178,190175,190172,190169,253877,253941,253942,253943,253944,253945,253946,253947,253948,253949,253950,253951,253952,253953,253954,253955,253956,253957,253958&#8243; img_size=&#8221;1000&#215;700&#8243; slides_per_view=&#8221;3&#8243; autoplay=&#8221;yes&#8221; hide_pagination_control=&#8221;yes&#8221; hide_prev_next_buttons=&#8221;yes&#8221; partial_view=&#8221;yes&#8221; wrap=&#8221;yes&#8221; css_animation=&#8221;fadeIn&#8221; css=&#8221;&#8221;][\/vc_column][\/vc_row][vc_row][vc_column][vc_row_inner][vc_column_inner][vc_column_text css=&#8221;&#8221;]<\/p>\n<hr \/>\n<h4 style=\"text-align: center;\"><strong>PROJETOS EM DESENVOLVIMENTO<\/strong><\/h4>\n<p>[\/vc_column_text][\/vc_column_inner][\/vc_row_inner][vc_row_inner][vc_column_inner width=&#8221;1\/5&#8243;][vc_column_text css=&#8221;&#8221;]<\/p>\n<p><a href=\"http:\/\/cteinformatica.aeqb.edu.pt\" target=\"_blank\" rel=\"noopener noreferrer\"><img loading=\"lazy\" class=\"alignnone wp-image-251002\" src=\"https:\/\/espan.edu.pt\/site\/wp-content\/uploads\/2024\/02\/CTE_logo-264x300.png\" alt=\"\" width=\"100\" height=\"114\" srcset=\"https:\/\/espan.edu.pt\/site\/wp-content\/uploads\/2024\/02\/CTE_logo-264x300.png 264w, https:\/\/espan.edu.pt\/site\/wp-content\/uploads\/2024\/02\/CTE_logo-902x1024.png 902w, https:\/\/espan.edu.pt\/site\/wp-content\/uploads\/2024\/02\/CTE_logo-768x872.png 768w, https:\/\/espan.edu.pt\/site\/wp-content\/uploads\/2024\/02\/CTE_logo-1353x1536.png 1353w, https:\/\/espan.edu.pt\/site\/wp-content\/uploads\/2024\/02\/CTE_logo-1804x2048.png 1804w\" sizes=\"(max-width: 100px) 100vw, 100px\" \/><\/a><\/p>\n<p>[\/vc_column_text][\/vc_column_inner][vc_column_inner width=&#8221;1\/5&#8243;][vc_column_text css=&#8221;&#8221;]<\/p>\n<p><a href=\"https:\/\/espan.edu.pt\/site\/projetos-2\/\"><img loading=\"lazy\" class=\"alignnone wp-image-251428\" src=\"https:\/\/espan.edu.pt\/site\/wp-content\/uploads\/2024\/05\/Logtipo_Selo_EQAVET_Mobile-300x107.jpg\" alt=\"\" width=\"200\" height=\"71\" srcset=\"https:\/\/espan.edu.pt\/site\/wp-content\/uploads\/2024\/05\/Logtipo_Selo_EQAVET_Mobile-300x107.jpg 300w, https:\/\/espan.edu.pt\/site\/wp-content\/uploads\/2024\/05\/Logtipo_Selo_EQAVET_Mobile.jpg 480w\" sizes=\"(max-width: 200px) 100vw, 200px\" \/><\/a><\/p>\n<p>[\/vc_column_text][\/vc_column_inner][vc_column_inner width=&#8221;1\/5&#8243;][vc_column_text css=&#8221;&#8221;]<\/p>\n<p><a href=\"https:\/\/espan.edu.pt\/site\/erasmus\/\"><img loading=\"lazy\" class=\"alignnone wp-image-253837\" src=\"https:\/\/espan.edu.pt\/site\/wp-content\/uploads\/2025\/11\/agencia-nacional-erasmus-p-300x189.jpg\" alt=\"\" width=\"218\" height=\"137\" srcset=\"https:\/\/espan.edu.pt\/site\/wp-content\/uploads\/2025\/11\/agencia-nacional-erasmus-p-300x189.jpg 300w, https:\/\/espan.edu.pt\/site\/wp-content\/uploads\/2025\/11\/agencia-nacional-erasmus-p-768x484.jpg 768w, https:\/\/espan.edu.pt\/site\/wp-content\/uploads\/2025\/11\/agencia-nacional-erasmus-p.jpg 1000w\" sizes=\"(max-width: 218px) 100vw, 218px\" \/><\/a><\/p>\n<p>[\/vc_column_text][\/vc_column_inner][vc_column_inner width=&#8221;1\/5&#8243;][vc_column_text css=&#8221;&#8221;]<\/p>\n<p><a href=\"https:\/\/bibliotecas.aeqb.edu.pt\/?page_id=1062\"><img loading=\"lazy\" class=\"alignnone wp-image-253855\" src=\"https:\/\/espan.edu.pt\/site\/wp-content\/uploads\/2025\/11\/10-MINUTOS-1-263x300.png\" alt=\"\" width=\"118\" height=\"135\" srcset=\"https:\/\/espan.edu.pt\/site\/wp-content\/uploads\/2025\/11\/10-MINUTOS-1-263x300.png 263w, https:\/\/espan.edu.pt\/site\/wp-content\/uploads\/2025\/11\/10-MINUTOS-1.png 342w\" sizes=\"(max-width: 118px) 100vw, 118px\" \/><\/a><\/p>\n<p>[\/vc_column_text][\/vc_column_inner][vc_column_inner width=&#8221;1\/5&#8243;][vc_column_text css=&#8221;&#8221;]<\/p>\n<p><a href=\"https:\/\/espan.edu.pt\/site\/epas\/\" target=\"_blank\" rel=\"noopener noreferrer\"><img loading=\"lazy\" class=\"wp-image-253853 aligncenter\" src=\"https:\/\/espan.edu.pt\/site\/wp-content\/uploads\/2025\/11\/EPAS-logo.png\" alt=\"\" width=\"172\" height=\"100\" \/><\/a><\/p>\n<p style=\"text-align: center;\"><strong><em>Escola Embaixadora Parlamento Europeu<\/em><\/strong><\/p>\n<p>[\/vc_column_text][\/vc_column_inner][\/vc_row_inner][vc_column_text css=&#8221;&#8221;]<\/p>\n<p><img loading=\"lazy\" class=\"wp-image-253849 alignright\" src=\"https:\/\/espan.edu.pt\/site\/wp-content\/uploads\/2025\/11\/BARRA_LOGOS-03-300x43.png\" alt=\"\" width=\"314\" height=\"45\" srcset=\"https:\/\/espan.edu.pt\/site\/wp-content\/uploads\/2025\/11\/BARRA_LOGOS-03-300x43.png 300w, https:\/\/espan.edu.pt\/site\/wp-content\/uploads\/2025\/11\/BARRA_LOGOS-03-1024x148.png 1024w, https:\/\/espan.edu.pt\/site\/wp-content\/uploads\/2025\/11\/BARRA_LOGOS-03-768x111.png 768w, https:\/\/espan.edu.pt\/site\/wp-content\/uploads\/2025\/11\/BARRA_LOGOS-03-1536x222.png 1536w, https:\/\/espan.edu.pt\/site\/wp-content\/uploads\/2025\/11\/BARRA_LOGOS-03-2048x296.png 2048w\" sizes=\"(max-width: 314px) 100vw, 314px\" \/><\/p>\n<p>[\/vc_column_text][\/vc_column][\/vc_row][vc_row gap=&#8221;15&#8243; el_class=&#8221;thim-box-language-tests&#8221; css=&#8221;.vc_custom_1474599425613{margin-bottom: 60px !important;}&#8221;][vc_column][vc_column_text]<\/p>\n<hr \/>\n<h2 style=\"text-align: center;\"><strong>CLUBES | BIBLIOTECA ESCOLAR<\/strong><\/h2>\n<p>[\/vc_column_text][\/vc_column][\/vc_row][vc_row gap=&#8221;15&#8243; el_class=&#8221;thim-box-language-tests&#8221; css=&#8221;.vc_custom_1474599425613{margin-bottom: 60px !important;}&#8221;][vc_column width=&#8221;1\/5&#8243;][vc_column_text]<\/p>\n<p><a title=\"Bibliotecas AEQB\" href=\"https:\/\/bibliotecas.aeqb.edu.pt\/\" target=\"_blank\" rel=\"noopener noreferrer\"><img loading=\"lazy\" class=\"wp-image-248874 aligncenter\" src=\"https:\/\/espan.edu.pt\/site\/wp-content\/uploads\/2023\/03\/Logo-Bibliotecas-PNG.png\" alt=\"\" width=\"169\" height=\"133\" \/><\/a><\/p>\n<p>[\/vc_column_text][\/vc_column][vc_column width=&#8221;1\/5&#8243;][vc_column_text css=&#8221;&#8221;]<\/p>\n<p><a title=\"Ci\u00eancia Viva - ESPAN\" href=\"https:\/\/cienciaviva.aeqb.edu.pt\/\" target=\"_blank\" rel=\"noopener noreferrer\"><img loading=\"lazy\" class=\"wp-image-248874 aligncenter\" src=\"https:\/\/espan.edu.pt\/site\/wp-content\/uploads\/2022\/06\/Clube-Ciencia-Viva-na-Escola.jpg\" alt=\"\" width=\"434\" height=\"204\" \/><\/a><\/p>\n<p>[\/vc_column_text][\/vc_column][vc_column width=&#8221;1\/5&#8243;][vc_column_text css=&#8221;&#8221;]<\/p>\n<p style=\"text-align: center;\"><a href=\"https:\/\/aquidarte.aeqb.edu.pt\/\" target=\"_blank\" rel=\"noopener noreferrer\"><img loading=\"lazy\" class=\"alignnone size-medium wp-image-252672\" src=\"https:\/\/espan.edu.pt\/site\/wp-content\/uploads\/2025\/01\/Aqui-da-arte-Novo-300x231.png\" alt=\"\" width=\"300\" height=\"231\" srcset=\"https:\/\/espan.edu.pt\/site\/wp-content\/uploads\/2025\/01\/Aqui-da-arte-Novo-300x231.png 300w, https:\/\/espan.edu.pt\/site\/wp-content\/uploads\/2025\/01\/Aqui-da-arte-Novo-1024x788.png 1024w, https:\/\/espan.edu.pt\/site\/wp-content\/uploads\/2025\/01\/Aqui-da-arte-Novo-768x591.png 768w, https:\/\/espan.edu.pt\/site\/wp-content\/uploads\/2025\/01\/Aqui-da-arte-Novo-1536x1182.png 1536w, https:\/\/espan.edu.pt\/site\/wp-content\/uploads\/2025\/01\/Aqui-da-arte-Novo.png 1624w\" sizes=\"(max-width: 300px) 100vw, 300px\" \/><\/a><\/p>\n<p>[\/vc_column_text][\/vc_column][vc_column width=&#8221;1\/5&#8243;][vc_column_text css=&#8221;&#8221;]<\/p>\n<p style=\"text-align: center;\"><a href=\"https:\/\/www.pna.gov.pt\/\" target=\"_blank\" rel=\"noopener noreferrer\"><img loading=\"lazy\" class=\"alignnone wp-image-252673\" src=\"https:\/\/espan.edu.pt\/site\/wp-content\/uploads\/2025\/01\/logo_pna_azul-300x294.png\" alt=\"\" width=\"156\" height=\"153\" srcset=\"https:\/\/espan.edu.pt\/site\/wp-content\/uploads\/2025\/01\/logo_pna_azul-300x294.png 300w, https:\/\/espan.edu.pt\/site\/wp-content\/uploads\/2025\/01\/logo_pna_azul.png 401w\" sizes=\"(max-width: 156px) 100vw, 156px\" \/><\/a><\/p>\n<p>[\/vc_column_text][\/vc_column][vc_column width=&#8221;1\/5&#8243;][vc_column_text css=&#8221;&#8221;]<\/p>\n<p><a href=\"https:\/\/espan.edu.pt\/site\/pes-saude-escolar\/\" target=\"_blank\" rel=\"noopener noreferrer\"><img loading=\"lazy\" class=\"wp-image-248874 size-full aligncenter\" src=\"https:\/\/espan.edu.pt\/site\/wp-content\/uploads\/2022\/02\/Logotipo_PES.jpg\" alt=\"\" width=\"150\" height=\"150\" \/><\/a><\/p>\n<p>[\/vc_column_text][\/vc_column][\/vc_row][vc_row full_width=&#8221;stretch_row&#8221; parallax=&#8221;content-moving&#8221; parallax_image=&#8221;11455&#8243; parallax_speed_bg=&#8221;1.3&#8243; css_animation=&#8221;fadeIn&#8221; el_class=&#8221;thim-dark thim-join-the-elite-group&#8221;][vc_column][vc_row_inner][vc_column_inner]<div class=\"thim-widget-heading\"><div class=\"sc_heading   text-center\"><h3 style=\"text-transform: uppercase;color:#ffffff;\" class=\"title\">Not\u00edcias do Agrupamento de Escolas Queluz-Belas<\/h3><p class=\"sub-heading\" style=\"color:#ffffff;\">Consulte aqui as \u00faltimas publica\u00e7\u00f5es<\/p><\/div><\/div>[\/vc_column_inner][\/vc_row_inner][\/vc_column][\/vc_row][vc_row][vc_column][vc_wp_posts number=&#8221;5&#8243; show_date=&#8221;1&#8243;][\/vc_column][\/vc_row][vc_row gap=&#8221;15&#8243; el_class=&#8221;thim-box-language-tests&#8221; css=&#8221;.vc_custom_1474599425613{margin-bottom: 60px !important;}&#8221;][vc_column][vc_images_carousel images=&#8221;250975,250948,250957,250946,250976,250947,250959,250964,250977,250960,250945,250962,250978,250963,250953,250958,250954,250961,250952,250951,250956,251010,250966,250965,250949&#8243; img_size=&#8221;large&#8221; onclick=&#8221;link_no&#8221; speed=&#8221;3000&#8243; slides_per_view=&#8221;5&#8243; autoplay=&#8221;yes&#8221; hide_pagination_control=&#8221;yes&#8221; hide_prev_next_buttons=&#8221;yes&#8221; partial_view=&#8221;yes&#8221; wrap=&#8221;yes&#8221; css_animation=&#8221;slideInRight&#8221; title=&#8221;Parceiros AEQB&#8221;][\/vc_column][\/vc_row][vc_row][vc_column]<div class=\"thim-widget-social\"><div class=\"thim-social style-2\">\n\t<h3 class=\"widget-title\">Redes Sociais do AEQB<\/h3>\t<ul class=\"social_link\">\n\t\t<li><a class=\"facebook hasTooltip\" href=\"https:\/\/www.facebook.com\/AEQueluzBelas\" target=\"_self\"><i class=\"fa fa-facebook\"><\/i><\/a><\/li><li><a class=\"instagram hasTooltip\" href=\"https:\/\/www.instagram.com\/ae_queluzbelas\/#\" target=\"_self\" ><i class=\"fa fa-instagram\"><\/i><\/a><\/li><li><a class=\"youtube hasTooltip\" href=\"https:\/\/www.youtube.com\/@AEQueluz-Belas\" target=\"_self\" ><i class=\"fa fa-youtube\"><\/i><\/a><\/li>\t<\/ul>\n<\/div><\/div>[\/vc_column][\/vc_row][vc_row full_width=&#8221;stretch_row&#8221; parallax=&#8221;content-moving&#8221; parallax_image=&#8221;179264&#8243; parallax_speed_bg=&#8221;1.3&#8243; el_class=&#8221;thim-dark thim-join-the-elite-group&#8221;][vc_column][vc_row_inner][vc_column_inner][vc_raw_html]JTNDZGl2JTIwY2xhc3MlM0QlMjJ0aGltLWJ1eS1ub3ctZGVzYyUyMiUzRSUwQSUzQ2g0JTIwY2xhc3MlM0QlMjJkZXNjcmlwdGlvbiUyMiUzRU8lMjBBZ3J1cGFtZW50byUyMGRlJTIwRXNjb2xhcyUyMGRlJTIwUXVlbHV6LUJlbGFzJTIwJTI4QUVRQiUyOSUyMGZvaSUyMGNvbnN0aXR1JUMzJUFEZG8lMjBlbSUyMDMlMjBkZSUyMGp1bGhvJTIwZGUlMjAyMDEyJTIwcG9yJTIwRGVzcGFjaG8lMjBpbnRlcm5vJTIwaG9tb2xvZ2FkbyUyMGVtJTIwMjglMjBkZSUyMGp1bmhvJTIwZGUlMjAyMDEyJTIwcGVsbyUyMEV4bW8uJTIwU3IuJTIwU2VjcmV0JUMzJUExcmlvJTIwZGUlMjBFc3RhZG8lMjBkbyUyMEVuc2lubyUyMGUlMjBBZG1pbmlzdHJhJUMzJUE3JUMzJUEzbyUyMEVzY29sYXIlMkMlMjBKbyVDMyVBM28lMjBDYXNhbm92YSUyMGRlJTIwQWxtZWlkYS4lMEElMEElM0NiciUzRSUzQ2JyJTNFJUMzJTg5JTIwcHJvcCVDMyVCM3NpdG8lMjBkYSUyMGNvbXVuaWRhZGUlMjBlZHVjYXRpdmElMjBkbyUyMEFFUUIlMjBjb250aW51YXIlMjBhJTIwc2VyJTIwdW0lMjBzZXJ2aSVDMyVBN28lMjBwJUMzJUJBYmxpY28lMjBlZHVjYXRpdm8lMjBkZSUyMHF1YWxpZGFkZSUyQyUyMHJlc3BlaXRhbmRvJTIwb3MlMjBwcmluYyVDMyVBRHBpb3MlMjBjb25zdGl0dWNpb25haXMlMjBlJTIwb3MlMjB2YWxvcmVzJTIwJUMzJUE5dGljb3MlMjBkYSUyMEVzY29sYSUyMFAlQzMlQkFibGljYSUyMGRlbW9jciVDMyVBMXRpY2ElMkMlMjBjb250cmlidWluZG8lMjBkZWNpc2l2YW1lbnRlJTIwcGFyYSUyMGElMjBlc2NvbGFyaXphJUMzJUE3JUMzJUEzbyUyQyUyMHF1YWxpZmljYSVDMyVBNyVDMyVBM28lMjBlJTIwcmVxdWFsaWZpY2ElQzMlQTclQzMlQTNvJTIwZG9zJTIwY2lkYWQlQzMlQTNvcy4lMEElMEElM0MlMkZoMiUzRSUwQSUzQ2gyJTNFJTNDY2l0ZSUzRSUzQ3NtYWxsJTNFJTIwQSUyMGRpcmUlQzMlQTclQzMlQTNvJTIwZG8lMjBBRVFCJTNDJTJGc21hbGwlM0UlM0MlMkZjaXRlJTNFJTNDJTJGaDIlM0UlMEElM0MlMkZkaXYlM0U=[\/vc_raw_html][\/vc_column_inner][\/vc_row_inner][\/vc_column][\/vc_row]<\/p>\n<\/div>","protected":false},"excerpt":{"rendered":"<p>[vc_row full_width=&#8221;stretch_row_content_no_spaces&#8221;][vc_column][rev_slider_vc alias=&#8221;home-page&#8221;][\/vc_column][\/vc_row][vc_row full_width=&#8221;stretch_row&#8221; parallax=&#8221;content-moving&#8221; parallax_image=&#8221;190400&#8243; parallax_speed_bg=&#8221;1.3&#8243; el_class=&#8221;thim-dark thim-join-the-elite-group&#8221;][vc_column][vc_images_carousel images=&#8221;190249,190178,190175,190172,190169,253877,253941,253942,253943,253944,253945,253946,253947,253948,253949,253950,253951,253952,253953,253954,253955,253956,253957,253958&#8243; img_size=&#8221;1000&#215;700&#8243; slides_per_view=&#8221;3&#8243; autoplay=&#8221;yes&#8221; hide_pagination_control=&#8221;yes&#8221; hide_prev_next_buttons=&#8221;yes&#8221; partial_view=&#8221;yes&#8221; wrap=&#8221;yes&#8221; css_animation=&#8221;fadeIn&#8221; css=&#8221;&#8221;][\/vc_column][\/vc_row][vc_row][vc_column][vc_row_inner][vc_column_inner][vc_column_text css=&#8221;&#8221;] PROJETOS EM DESENVOLVIMENTO [\/vc_column_text][\/vc_column_inner][\/vc_row_inner][vc_row_inner][vc_column_inner width=&#8221;1\/5&#8243;][vc_column_text css=&#8221;&#8221;] [\/vc_column_text][\/vc_column_inner][vc_column_inner width=&#8221;1\/5&#8243;][vc_column_text css=&#8221;&#8221;] [\/vc_column_text][\/vc_column_inner][vc_column_inner &hellip; <\/p>\n","protected":false},"author":1,"featured_media":0,"parent":0,"menu_order":0,"comment_status":"closed","ping_status":"closed","template":"page-templates\/homepage.php","meta":{"_bbp_topic_count":0,"_bbp_reply_count":0,"_bbp_total_topic_count":0,"_bbp_total_reply_count":0,"_bbp_voice_count":0,"_bbp_anonymous_reply_count":0,"_bbp_topic_count_hidden":0,"_bbp_reply_count_hidden":0,"_bbp_forum_subforum_count":0},"categories":[],"tags":[],"uagb_featured_image_src":{"full":false,"thumbnail":false,"medium":false,"medium_large":false,"large":false,"1536x1536":false,"2048x2048":false},"uagb_author_info":{"display_name":"Administrador","author_link":"https:\/\/espan.edu.pt\/site\/author\/administrador\/"},"uagb_comment_info":0,"uagb_excerpt":"[vc_row full_width=&#8221;stretch_row_content_no_spaces&#8221;][vc_column][rev_slider_vc alias=&#8221;home-page&#8221;][\/vc_column][\/vc_row][vc_row full_width=&#8221;stretch_row&#8221; parallax=&#8221;content-moving&#8221; parallax_image=&#8221;190400&#8243; parallax_speed_bg=&#8221;1.3&#8243; el_class=&#8221;thim-dark thim-join-the-elite-group&#8221;][vc_column][vc_images_carousel images=&#8221;190249,190178,190175,190172,190169,253877,253941,253942,253943,253944,253945,253946,253947,253948,253949,253950,253951,253952,253953,253954,253955,253956,253957,253958&#8243; img_size=&#8221;1000&#215;700&#8243; slides_per_view=&#8221;3&#8243; autoplay=&#8221;yes&#8221; hide_pagination_control=&#8221;yes&#8221; hide_prev_next_buttons=&#8221;yes&#8221; partial_view=&#8221;yes&#8221; wrap=&#8221;yes&#8221; css_animation=&#8221;fadeIn&#8221; css=&#8221;&#8221;][\/vc_column][\/vc_row][vc_row][vc_column][vc_row_inner][vc_column_inner][vc_column_text css=&#8221;&#8221;] PROJETOS EM DESENVOLVIMENTO [\/vc_column_text][\/vc_column_inner][\/vc_row_inner][vc_row_inner][vc_column_inner width=&#8221;1\/5&#8243;][vc_column_text css=&#8221;&#8221;] [\/vc_column_text][\/vc_column_inner][vc_column_inner width=&#8221;1\/5&#8243;][vc_column_text css=&#8221;&#8221;] [\/vc_column_text][\/vc_column_inner][vc_column_inner &hellip;","_links":{"self":[{"href":"https:\/\/espan.edu.pt\/site\/wp-json\/wp\/v2\/pages\/4523"}],"collection":[{"href":"https:\/\/espan.edu.pt\/site\/wp-json\/wp\/v2\/pages"}],"about":[{"href":"https:\/\/espan.edu.pt\/site\/wp-json\/wp\/v2\/types\/page"}],"author":[{"embeddable":true,"href":"https:\/\/espan.edu.pt\/site\/wp-json\/wp\/v2\/users\/1"}],"replies":[{"embeddable":true,"href":"https:\/\/espan.edu.pt\/site\/wp-json\/wp\/v2\/comments?post=4523"}],"version-history":[{"count":520,"href":"https:\/\/espan.edu.pt\/site\/wp-json\/wp\/v2\/pages\/4523\/revisions"}],"predecessor-version":[{"id":254027,"href":"https:\/\/espan.edu.pt\/site\/wp-json\/wp\/v2\/pages\/4523\/revisions\/254027"}],"wp:attachment":[{"href":"https:\/\/espan.edu.pt\/site\/wp-json\/wp\/v2\/media?parent=4523"}],"wp:term":[{"taxonomy":"category","embeddable":true,"href":"https:\/\/espan.edu.pt\/site\/wp-json\/wp\/v2\/categories?post=4523"},{"taxonomy":"post_tag","embeddable":true,"href":"https:\/\/espan.edu.pt\/site\/wp-json\/wp\/v2\/tags?post=4523"}],"curies":[{"name":"wp","href":"https:\/\/api.w.org\/{rel}","templated":true}]}}