{"id":252519,"date":"2024-11-15T13:25:03","date_gmt":"2024-11-15T13:25:03","guid":{"rendered":"https:\/\/espan.edu.pt\/site\/?page_id=252519"},"modified":"2024-12-02T20:53:36","modified_gmt":"2024-12-02T20:53:36","slug":"led","status":"publish","type":"page","link":"https:\/\/espan.edu.pt\/site\/led\/","title":{"rendered":"LED"},"content":{"rendered":"<div class=\"wpb-content-wrapper\"><p>[vc_row][vc_column width=&#8221;2\/3&#8243;][vc_custom_heading text=&#8221;LED: Laborat\u00f3rio de Educa\u00e7\u00e3o Digital&#8221; font_container=&#8221;tag:h2|text_align:left|color:%2360d60c&#8221; css=&#8221;&#8221;][\/vc_column][vc_column width=&#8221;1\/3&#8243;][vc_single_image image=&#8221;252524&#8243; img_size=&#8221;full&#8221; css=&#8221;&#8221;][\/vc_column][\/vc_row][vc_row][vc_column][vc_tta_tabs][vc_tta_section title=&#8221;Contextualiza\u00e7\u00e3o&#8221; tab_id=&#8221;1731676565825-1d6007fe-4ef3&#8243;][vc_column_text css=&#8221;&#8221;]<\/p>\n<p><span data-contrast=\"auto\">A instala\u00e7\u00e3o de Laborat\u00f3rios de Educa\u00e7\u00e3o Digital (LED) nos estabelecimentos de ensino com 2.\u00ba e 3.\u00ba ciclos do ensino b\u00e1sico e com ensino secund\u00e1rio\u202fdever\u00e1 contribuir para apoiar as Escolas na integra\u00e7\u00e3o transversal das tecnologias digitais no processo de ensino e de aprendizagem, visando a inova\u00e7\u00e3o educativa e pedag\u00f3gica, o desenvolvimento de compet\u00eancias digitais, bem como a promo\u00e7\u00e3o da recupera\u00e7\u00e3o das aprendizagens, no \u00e2mbito do definido no Plano 21|23 Escola+, Eixo &#8220;Ensinar e Aprender&#8221;, dom\u00ednio + Recursos Educativos, sobre a a\u00e7\u00e3o espec\u00edfica &#8220;<\/span><a href=\"https:\/\/escolamais.dge.mec.pt\/acoes-especificas\/recuperar-com-o-digital\"><span data-contrast=\"none\">Recuperar com o Digital<\/span><\/a><span data-contrast=\"auto\">&#8220;.<\/span><span data-ccp-props=\"{&quot;201341983&quot;:0,&quot;335551550&quot;:6,&quot;335551620&quot;:6,&quot;335559739&quot;:160,&quot;335559740&quot;:360}\">\u00a0<\/span><\/p>\n<p><span data-contrast=\"auto\">Esta medida tem como objetivos:\u202f<\/span><span data-ccp-props=\"{&quot;201341983&quot;:0,&quot;335551550&quot;:6,&quot;335551620&quot;:6,&quot;335559739&quot;:160,&quot;335559740&quot;:360}\">\u00a0<\/span><\/p>\n<ul>\n<li data-leveltext=\"\uf0b7\" data-font=\"Symbol\" data-listid=\"4\" data-list-defn-props=\"{&quot;335552541&quot;:1,&quot;335559685&quot;:720,&quot;335559991&quot;:360,&quot;469769226&quot;:&quot;Symbol&quot;,&quot;469769242&quot;:[8226],&quot;469777803&quot;:&quot;left&quot;,&quot;469777804&quot;:&quot;\uf0b7&quot;,&quot;469777815&quot;:&quot;multilevel&quot;}\" aria-setsize=\"-1\" data-aria-posinset=\"1\" data-aria-level=\"1\"><span data-contrast=\"auto\">Disponibilizar \u00e0s Escolas equipamento tecnol\u00f3gico para o uso eficaz das tecnologias digitais enquanto motores de pr\u00e1ticas pedag\u00f3gicas inovadoras, inclusivas e acess\u00edveis a todos.\u202f<\/span><span data-ccp-props=\"{&quot;201341983&quot;:0,&quot;335551550&quot;:6,&quot;335551620&quot;:6,&quot;335559739&quot;:160,&quot;335559740&quot;:360}\">\u00a0<\/span><\/li>\n<\/ul>\n<ul>\n<li data-leveltext=\"\uf0b7\" data-font=\"Symbol\" data-listid=\"4\" data-list-defn-props=\"{&quot;335552541&quot;:1,&quot;335559685&quot;:720,&quot;335559991&quot;:360,&quot;469769226&quot;:&quot;Symbol&quot;,&quot;469769242&quot;:[8226],&quot;469777803&quot;:&quot;left&quot;,&quot;469777804&quot;:&quot;\uf0b7&quot;,&quot;469777815&quot;:&quot;multilevel&quot;}\" aria-setsize=\"-1\" data-aria-posinset=\"2\" data-aria-level=\"1\"><span data-contrast=\"auto\">Fomentar a integra\u00e7\u00e3o transversal das tecnologias no curr\u00edculo, desde cedo, proporcionando o contacto com as referidas tecnologias, o que poder\u00e1, inclusivamente, ajudar nas escolhas, no que se refere ao prosseguimento de estudos.\u202f<\/span><span data-ccp-props=\"{&quot;201341983&quot;:0,&quot;335551550&quot;:6,&quot;335551620&quot;:6,&quot;335559739&quot;:160,&quot;335559740&quot;:360}\">\u00a0<\/span><\/li>\n<\/ul>\n<ul>\n<li data-leveltext=\"\uf0b7\" data-font=\"Symbol\" data-listid=\"4\" data-list-defn-props=\"{&quot;335552541&quot;:1,&quot;335559685&quot;:720,&quot;335559991&quot;:360,&quot;469769226&quot;:&quot;Symbol&quot;,&quot;469769242&quot;:[8226],&quot;469777803&quot;:&quot;left&quot;,&quot;469777804&quot;:&quot;\uf0b7&quot;,&quot;469777815&quot;:&quot;multilevel&quot;}\" aria-setsize=\"-1\" data-aria-posinset=\"3\" data-aria-level=\"1\"><span data-contrast=\"auto\">Desenvolver compet\u00eancias digitais e incentivar ao prosseguimento de estudos nas \u00e1reas STEAM, promovendo a igual participa\u00e7\u00e3o de raparigas e rapazes.\u202f<\/span><span data-ccp-props=\"{&quot;201341983&quot;:0,&quot;335551550&quot;:6,&quot;335551620&quot;:6,&quot;335559739&quot;:160,&quot;335559740&quot;:360}\">\u00a0<\/span><\/li>\n<\/ul>\n<p><span data-contrast=\"auto\">O investimento na aquisi\u00e7\u00e3o de equipamento tecnol\u00f3gico e no uso eficaz das tecnologias digitais enquanto motores de pr\u00e1ticas pedag\u00f3gicas inovadoras, inclusivas e acess\u00edveis, ser\u00e1 alavancado pelo Plano de Capacita\u00e7\u00e3o Digital dos Docentes j\u00e1 em curso.\u202f<\/span><span data-ccp-props=\"{&quot;201341983&quot;:0,&quot;335551550&quot;:6,&quot;335551620&quot;:6,&quot;335559739&quot;:160,&quot;335559740&quot;:360}\">\u00a0<\/span><\/p>\n<p><span data-contrast=\"auto\">Fonte: <\/span><a href=\"https:\/\/led.dge.medu.pt\/\"><span data-contrast=\"none\">https:\/\/led.dge.medu.pt\/<\/span><\/a><span data-contrast=\"auto\">\u00a0<\/span><span data-ccp-props=\"{&quot;201341983&quot;:0,&quot;335551550&quot;:3,&quot;335551620&quot;:3,&quot;335559739&quot;:160,&quot;335559740&quot;:259}\">\u00a0<\/span><\/p>\n<p>[\/vc_column_text][\/vc_tta_section][vc_tta_section title=&#8221;\u00c1reas LED&#8221; tab_id=&#8221;1731676565833-6319bfc4-4a57&#8243;][vc_row_inner][vc_column_inner width=&#8221;1\/3&#8243;][vc_column_text css=&#8221;&#8221;]<\/p>\n<h1><span style=\"color: #00ff00;\"><strong>LED 1<\/strong><\/span><\/h1>\n<p>[\/vc_column_text][vc_column_text css=&#8221;&#8221;]<\/p>\n<ul>\n<li>Equipamento Comum<\/li>\n<li>\u00c1rea de Programa\u00e7\u00e3o e Rob\u00f3tica<\/li>\n<li>\u00c1rea STEM<\/li>\n<\/ul>\n<p>[\/vc_column_text][\/vc_column_inner][vc_column_inner width=&#8221;1\/3&#8243;][vc_column_text css=&#8221;&#8221;]<\/p>\n<h1><span style=\"color: #00ccff;\"><strong>LED 2<\/strong><\/span><\/h1>\n<p>[\/vc_column_text][vc_column_text css=&#8221;&#8221;]<\/p>\n<ul>\n<li>Equipamento Comum<\/li>\n<li>\u00c1rea de Programa\u00e7\u00e3o e Rob\u00f3tica<\/li>\n<li>\u00c1rea Artes e Multim\u00e9dia<\/li>\n<\/ul>\n<p>[\/vc_column_text][\/vc_column_inner][vc_column_inner width=&#8221;1\/3&#8243;][vc_column_text css=&#8221;&#8221;]<\/p>\n<h1><span style=\"color: #ff00ff;\"><strong>LED 3<\/strong><\/span><\/h1>\n<p>[\/vc_column_text][vc_column_text css=&#8221;&#8221;]<\/p>\n<ul>\n<li>Equipamento Comum<\/li>\n<li>\u00c1rea STEM<\/li>\n<li>\u00c1rea Artes e Multim\u00e9dia<\/li>\n<\/ul>\n<p>[\/vc_column_text][\/vc_column_inner][\/vc_row_inner][\/vc_tta_section][vc_tta_section title=&#8221;Equipamento&#8221; tab_id=&#8221;1731676632270-972ef13d-609f&#8221;][vc_row_inner][vc_column_inner width=&#8221;1\/4&#8243;][vc_column_text css=&#8221;&#8221;]<\/p>\n<h3><span style=\"color: #00ff00;\"><strong>Equipamento Comum<\/strong><\/span><\/h3>\n<p>[\/vc_column_text][\/vc_column_inner][vc_column_inner width=&#8221;1\/4&#8243;][vc_column_text css=&#8221;&#8221;]<\/p>\n<h3><span style=\"color: #00ccff;\"><strong>Artes e Multim\u00e9dia<\/strong><\/span><\/h3>\n<p>[\/vc_column_text][\/vc_column_inner][vc_column_inner width=&#8221;1\/4&#8243;][vc_column_text css=&#8221;&#8221;]<\/p>\n<h3><span style=\"color: #ff00ff;\"><strong>STEM<\/strong><\/span><\/h3>\n<p>[\/vc_column_text][\/vc_column_inner][vc_column_inner width=&#8221;1\/4&#8243;][vc_column_text css=&#8221;&#8221;]<\/p>\n<h3><span style=\"color: #ff00ff;\"><strong>Programa\u00e7\u00e3o e Rob\u00f3tica<\/strong><\/span><\/h3>\n<p>[\/vc_column_text][\/vc_column_inner][\/vc_row_inner][\/vc_tta_section][\/vc_tta_tabs][vc_images_carousel images=&#8221;252590,252589,252588,252587,252586,252585,252584,252583,252575,252576,252577,252578,252579,252580,252581,252582,252574,252573,252572,252571,252570,252569,252568,252567,252566,252565,252564,252563,252602,252601,252600,252599,252598,252603,252611,252610,252609,252608,252607,252606,252605,252604&#8243; img_size=&#8221;full&#8221; speed=&#8221;6000&#8243; slides_per_view=&#8221;8&#8243; autoplay=&#8221;yes&#8221; wrap=&#8221;yes&#8221; css=&#8221;&#8221;][\/vc_column][\/vc_row][vc_row][vc_column][\/vc_column][\/vc_row][vc_row][vc_column][vc_column_text css=&#8221;&#8221;]<\/p>\n<p><a href=\"https:\/\/espan.edu.pt\/site\/wp-content\/uploads\/2024\/11\/BARRA_LOGOS-03-1.png\"><img loading=\"lazy\" class=\"alignnone size-medium wp-image-252527\" src=\"https:\/\/espan.edu.pt\/site\/wp-content\/uploads\/2024\/11\/BARRA_LOGOS-03-1-300x43.png\" alt=\"\" width=\"300\" height=\"43\" srcset=\"https:\/\/espan.edu.pt\/site\/wp-content\/uploads\/2024\/11\/BARRA_LOGOS-03-1-300x43.png 300w, https:\/\/espan.edu.pt\/site\/wp-content\/uploads\/2024\/11\/BARRA_LOGOS-03-1-1024x148.png 1024w, https:\/\/espan.edu.pt\/site\/wp-content\/uploads\/2024\/11\/BARRA_LOGOS-03-1-768x111.png 768w, https:\/\/espan.edu.pt\/site\/wp-content\/uploads\/2024\/11\/BARRA_LOGOS-03-1-1536x222.png 1536w, https:\/\/espan.edu.pt\/site\/wp-content\/uploads\/2024\/11\/BARRA_LOGOS-03-1-2048x296.png 2048w\" sizes=\"(max-width: 300px) 100vw, 300px\" \/><\/a><\/p>\n<p>[\/vc_column_text][\/vc_column][\/vc_row]<\/p>\n<\/div>","protected":false},"excerpt":{"rendered":"<p>[vc_row][vc_column width=&#8221;2\/3&#8243;][vc_custom_heading text=&#8221;LED: Laborat\u00f3rio de Educa\u00e7\u00e3o Digital&#8221; font_container=&#8221;tag:h2|text_align:left|color:%2360d60c&#8221; css=&#8221;&#8221;][\/vc_column][vc_column width=&#8221;1\/3&#8243;][vc_single_image image=&#8221;252524&#8243; img_size=&#8221;full&#8221; css=&#8221;&#8221;][\/vc_column][\/vc_row][vc_row][vc_column][vc_tta_tabs][vc_tta_section title=&#8221;Contextualiza\u00e7\u00e3o&#8221; tab_id=&#8221;1731676565825-1d6007fe-4ef3&#8243;][vc_column_text css=&#8221;&#8221;] A instala\u00e7\u00e3o de Laborat\u00f3rios de Educa\u00e7\u00e3o Digital (LED) nos estabelecimentos de ensino com 2.\u00ba &hellip; <\/p>\n","protected":false},"author":1,"featured_media":0,"parent":0,"menu_order":0,"comment_status":"closed","ping_status":"closed","template":"","meta":{"_bbp_topic_count":0,"_bbp_reply_count":0,"_bbp_total_topic_count":0,"_bbp_total_reply_count":0,"_bbp_voice_count":0,"_bbp_anonymous_reply_count":0,"_bbp_topic_count_hidden":0,"_bbp_reply_count_hidden":0,"_bbp_forum_subforum_count":0},"categories":[],"tags":[],"uagb_featured_image_src":{"full":false,"thumbnail":false,"medium":false,"medium_large":false,"large":false,"1536x1536":false,"2048x2048":false},"uagb_author_info":{"display_name":"Administrador","author_link":"https:\/\/espan.edu.pt\/site\/author\/administrador\/"},"uagb_comment_info":0,"uagb_excerpt":"[vc_row][vc_column width=&#8221;2\/3&#8243;][vc_custom_heading text=&#8221;LED: Laborat\u00f3rio de Educa\u00e7\u00e3o Digital&#8221; font_container=&#8221;tag:h2|text_align:left|color:%2360d60c&#8221; css=&#8221;&#8221;][\/vc_column][vc_column width=&#8221;1\/3&#8243;][vc_single_image image=&#8221;252524&#8243; img_size=&#8221;full&#8221; css=&#8221;&#8221;][\/vc_column][\/vc_row][vc_row][vc_column][vc_tta_tabs][vc_tta_section title=&#8221;Contextualiza\u00e7\u00e3o&#8221; tab_id=&#8221;1731676565825-1d6007fe-4ef3&#8243;][vc_column_text css=&#8221;&#8221;] A instala\u00e7\u00e3o de Laborat\u00f3rios de Educa\u00e7\u00e3o Digital (LED) nos estabelecimentos de ensino com 2.\u00ba &hellip;","_links":{"self":[{"href":"https:\/\/espan.edu.pt\/site\/wp-json\/wp\/v2\/pages\/252519"}],"collection":[{"href":"https:\/\/espan.edu.pt\/site\/wp-json\/wp\/v2\/pages"}],"about":[{"href":"https:\/\/espan.edu.pt\/site\/wp-json\/wp\/v2\/types\/page"}],"author":[{"embeddable":true,"href":"https:\/\/espan.edu.pt\/site\/wp-json\/wp\/v2\/users\/1"}],"replies":[{"embeddable":true,"href":"https:\/\/espan.edu.pt\/site\/wp-json\/wp\/v2\/comments?post=252519"}],"version-history":[{"count":20,"href":"https:\/\/espan.edu.pt\/site\/wp-json\/wp\/v2\/pages\/252519\/revisions"}],"predecessor-version":[{"id":252612,"href":"https:\/\/espan.edu.pt\/site\/wp-json\/wp\/v2\/pages\/252519\/revisions\/252612"}],"wp:attachment":[{"href":"https:\/\/espan.edu.pt\/site\/wp-json\/wp\/v2\/media?parent=252519"}],"wp:term":[{"taxonomy":"category","embeddable":true,"href":"https:\/\/espan.edu.pt\/site\/wp-json\/wp\/v2\/categories?post=252519"},{"taxonomy":"post_tag","embeddable":true,"href":"https:\/\/espan.edu.pt\/site\/wp-json\/wp\/v2\/tags?post=252519"}],"curies":[{"name":"wp","href":"https:\/\/api.w.org\/{rel}","templated":true}]}}