{"id":251603,"date":"2024-06-20T10:53:27","date_gmt":"2024-06-20T10:53:27","guid":{"rendered":"https:\/\/espan.edu.pt\/site\/?page_id=251603"},"modified":"2026-04-14T09:59:13","modified_gmt":"2026-04-14T09:59:13","slug":"ensino-regular","status":"publish","type":"page","link":"https:\/\/espan.edu.pt\/site\/ensino-regular\/","title":{"rendered":"Ensino Regular"},"content":{"rendered":"<div class=\"wpb-content-wrapper\"><p>[vc_row][vc_column][vc_tta_tabs][vc_tta_section title=&#8221;Pr\u00e9 Escolar&#8221; tab_id=&#8221;1717570055046-ab06a4a4-ac5b&#8221;][vc_column_text css=&#8221;&#8221;]<\/p>\n<p>A educa\u00e7\u00e3o pr\u00e9-escolar destina-se \u00e0s crian\u00e7as com idades compreendidas entre os 3 anos e a idade de ingresso no ensino b\u00e1sico e \u00e9 ministrada em estabelecimentos de educa\u00e7\u00e3o pr\u00e9-escolar.<\/p>\n<p>A frequ\u00eancia da educa\u00e7\u00e3o pr\u00e9-escolar \u00e9 facultativa.<\/p>\n<p><strong>Escolas do agrupamento com educa\u00e7\u00e3o Pr\u00e9-escolar:<\/strong><\/p>\n<p>[\/vc_column_text][vc_row_inner][vc_column_inner width=&#8221;1\/2&#8243;][vc_toggle title=&#8221;Escola B\u00e1sica N\u00ba 3 de Belas&#8221; custom_font_container=&#8221;tag:h2|font_size:16|text_align:left|color:%23dd890b&#8221; custom_google_fonts=&#8221;font_family:Abel%3Aregular|font_style:400%20regular%3A400%3Anormal&#8221; css=&#8221;&#8221; use_custom_heading=&#8221;true&#8221;]<\/p>\n<p>Rua do Campo<br \/>2605-206 Belas<\/p>\n<p>214 314 426<br \/><a href=\"mailto:coord.belas3@espan.edu.pt\">coord.belas3@espan.edu.pt<\/a><\/p>\n<p>[\/vc_toggle][vc_toggle title=&#8221;Escola B\u00e1sica N\u00ba 5 de Belas&#8221; custom_font_container=&#8221;tag:h2|font_size:16|text_align:left|color:%23dd890b&#8221; custom_google_fonts=&#8221;font_family:Abel%3Aregular|font_style:400%20regular%3A400%3Anormal&#8221; css=&#8221;&#8221; use_custom_heading=&#8221;true&#8221;]<\/p>\n<p>Eng. Jos\u00e9 Sousa Santana Marques<br \/>2605-194 Belas<br \/><i class=\"fa fa-phone\"><\/i><br \/>214 353 074<br \/><a href=\"mailto:coord.belas5@espan.edu.pt\">coord.belas5@espan.edu.pt<\/a><\/p>\n<p>[\/vc_toggle][vc_toggle title=&#8221;Escola B\u00e1sica M\u00e1rio Cunha Brito&#8221; custom_font_container=&#8221;tag:h2|font_size:16|text_align:left|color:%23dd890b&#8221; custom_google_fonts=&#8221;font_family:Abel%3Aregular|font_style:400%20regular%3A400%3Anormal&#8221; css=&#8221;&#8221; use_custom_heading=&#8221;true&#8221;]<\/p>\n<p>Rua Costa Reis<br \/>2605-206 Belas<br \/><i class=\"fa fa-phone\"><\/i><\/p>\n<p>214 313 382<br \/><a href=\"mailto:coord.mcbrito@espan.edu.pt\">coord.mcbrito@espan.edu.pt<\/a><\/p>\n<p>[\/vc_toggle][\/vc_column_inner][vc_column_inner width=&#8221;1\/2&#8243;][vc_toggle title=&#8221;Escola B\u00e1sica Pego Longo&#8221; custom_font_container=&#8221;tag:h2|font_size:16|text_align:left|color:%23dd890b&#8221; custom_google_fonts=&#8221;font_family:Abel%3Aregular|font_style:400%20regular%3A400%3Anormal&#8221; css=&#8221;&#8221; use_custom_heading=&#8221;true&#8221;]<\/p>\n<p>Bairro do Pego Longo<br \/>Rua da Escola<br \/>2605-122 Belas<br \/><i class=\"fa fa-phone\"><\/i><br \/>214 365 488<br \/><a href=\"mailto:coord.plongo@espan.edu.pt\">coord.plongo@espan.edu.pt<\/a><\/p>\n<p>[\/vc_toggle][vc_toggle title=&#8221;Escola B\u00e1sica do Pend\u00e3o&#8221; custom_font_container=&#8221;tag:h2|font_size:16|text_align:left|color:%23dd890b&#8221; custom_google_fonts=&#8221;font_family:Abel%3Aregular|font_style:400%20regular%3A400%3Anormal&#8221; css=&#8221;&#8221; use_custom_heading=&#8221;true&#8221;]<\/p>\n<p>Largo do Alto dos Mo\u00ednhos<br \/>2745-017 Queluz<\/p>\n<p>214 343 200<br \/><a href=\"mailto:coord.pendao@espan.edu.pt\">coord.pendao@espan.edu.pt<\/a><\/p>\n<p>[\/vc_toggle][vc_toggle title=&#8221;Escola B\u00e1sica de Queluz N\u00ba 2&#8243; custom_font_container=&#8221;tag:h2|font_size:16|text_align:left|color:%23dd890b&#8221; custom_google_fonts=&#8221;font_family:Abel%3Aregular|font_style:400%20regular%3A400%3Anormal&#8221; css=&#8221;&#8221; use_custom_heading=&#8221;true&#8221;]<\/p>\n<p>Av. Paiva Couceiro<br \/>Queluz<br \/><i class=\"fa fa-phone\"><\/i><br \/>214 357 357<br \/><a href=\"mailto:coord.queluz2@espan.edu.pt\">coord.queluz2@espan.edu.pt<\/a><\/p>\n<p>[\/vc_toggle][\/vc_column_inner][\/vc_row_inner][\/vc_tta_section][vc_tta_section title=&#8221;Ensino B\u00e1sico &#8211; 1\u00ba , 2\u00ba e 3\u00ba CEB&#8221; tab_id=&#8221;1718877307512-6566913f-5edf&#8221;][vc_column_text css=&#8221;&#8221;]<\/p>\n<p>O ensino b\u00e1sico visa assegurar uma forma\u00e7\u00e3o geral comum a todos os cidad\u00e3os, proporcionando a aquisi\u00e7\u00e3o dos conhecimentos basilares que permitam o prosseguimento de estudos.<\/p>\n<p>O ensino b\u00e1sico \u00e9 universal, obrigat\u00f3rio e gratuito e tem a dura\u00e7\u00e3o de nove anos.<\/p>\n<p>O ensino b\u00e1sico compreende tr\u00eas ciclos sequenciais, sendo o 1.\u00ba de quatro anos, o 2.\u00ba de dois anos e o 3.\u00ba de tr\u00eas anos, organizados nos seguintes termos:<\/p>\n<ul>\n<li>No 1.\u00ba ciclo, o ensino \u00e9 globalizante, da responsabilidade de um professor \u00fanico, que pode ser coadjuvado em \u00e1reas especializadas;<\/li>\n<li>No 2.\u00ba ciclo, o ensino organiza-se por \u00e1reas interdisciplinares de forma\u00e7\u00e3o b\u00e1sica e desenvolve-se predominantemente em regime de professor por \u00e1rea;<\/li>\n<li>No 3.\u00ba ciclo, o ensino organiza-se segundo um plano curricular unificado, integrando \u00e1reas vocacionais diversificadas, e desenvolve-se em regime de um professor por disciplina ou grupo de disciplinas.<\/li>\n<\/ul>\n<p>1 \u2013 A articula\u00e7\u00e3o entre os ciclos obedece a uma sequencialidade progressiva, conferindo a cada ciclo a fun\u00e7\u00e3o de completar, aprofundar e alargar o ciclo anterior, numa perspetiva de unidade global do ensino b\u00e1sico.<\/p>\n<p>2 \u2013 Os objetivos espec\u00edficos de cada ciclo integram-se nos objetivos gerais do ensino b\u00e1sico, nos termos dos n\u00fameros anteriores e de acordo com o desenvolvimento et\u00e1rio correspondente, tendo em aten\u00e7\u00e3o as seguintes particularidades:<br \/>a) Para o 1.\u00ba ciclo, o desenvolvimento da linguagem oral e a inicia\u00e7\u00e3o e progressivo dom\u00ednio da leitura e da escrita, das no\u00e7\u00f5es essenciais da aritm\u00e9tica e do c\u00e1lculo, do meio f\u00edsico e social, das express\u00f5es pl\u00e1stica, dram\u00e1tica, musical e motora;<br \/>b) Para o 2.\u00ba ciclo, a forma\u00e7\u00e3o human\u00edstica, art\u00edstica, f\u00edsica e desportiva, cient\u00edfica e tecnol\u00f3gica e a educa\u00e7\u00e3o moral e c\u00edvica, visando habilitar os alunos a assimilar e interpretar cr\u00edtica e criativamente a informa\u00e7\u00e3o, de modo a possibilitar a aquisi\u00e7\u00e3o de m\u00e9todos e instrumentos de trabalho e de conhecimento que permitam o prosseguimento da sua forma\u00e7\u00e3o, numa perspetiva do desenvolvimento de atitudes ativas e conscientes perante a comunidade e os seus problemas mais importantes;<br \/>c) Para o 3.\u00ba ciclo, a aquisi\u00e7\u00e3o sistem\u00e1tica e diferenciada da cultura moderna, nas suas dimens\u00f5es human\u00edstica, liter\u00e1ria, art\u00edstica, f\u00edsica e desportiva, cient\u00edfica e tecnol\u00f3gica, indispens\u00e1vel ao ingresso na vida ativa e ao prosseguimento de estudos, bem como a orienta\u00e7\u00e3o escolar e profissional que faculte a op\u00e7\u00e3o de forma\u00e7\u00e3o subsequente ou de inser\u00e7\u00e3o na vida ativa, com respeito pela realiza\u00e7\u00e3o aut\u00f3noma da pessoa humana.<\/p>\n<p>3 \u2013 Em escolas especializadas do ensino b\u00e1sico podem ser refor\u00e7adas componentes de ensino art\u00edstico ou de educa\u00e7\u00e3o f\u00edsica e desportiva, nem preju\u00edzo da forma\u00e7\u00e3o b\u00e1sica.<\/p>\n<p>4 \u2013 A conclus\u00e3o com aproveitamento do ensino b\u00e1sico confere o direito \u00e0 atribui\u00e7\u00e3o de um diploma, devendo igualmente ser certificado o aproveitamento de qualquer ano ou ciclo, quando solicitado.<\/p>\n<p>[\/vc_column_text][vc_row_inner][vc_column_inner width=&#8221;1\/2&#8243;][vc_column_text css=&#8221;&#8221;]<\/p>\n<p><strong>Escolas do agrupamento com Ensino B\u00e1sico &#8211; 1\u00ba CEB:<\/strong><\/p>\n<p>[\/vc_column_text][vc_toggle title=&#8221;Escola B\u00e1sica N\u00ba 2 de Belas&#8221; custom_font_container=&#8221;tag:h2|font_size:16|text_align:left|color:%23dd9933&#8243; custom_google_fonts=&#8221;font_family:Abel%3Aregular|font_style:400%20regular%3A400%3Anormal&#8221; css=&#8221;&#8221; use_custom_heading=&#8221;true&#8221;]<\/p>\n<p>Rua Alice Vieira<br \/>2605-108 Belas<\/p>\n<p><i class=\"fa fa-phone\"><\/i>214 310 562<br \/><a href=\"mailto:coord.belas2@espan.edu.pt\">coord.belas2@espan.edu.pt<\/a><\/p>\n<p>[\/vc_toggle][vc_toggle title=&#8221;Escola B\u00e1sica N\u00ba 3 de Belas&#8221; custom_font_container=&#8221;tag:h2|font_size:16|text_align:left|color:%23dd9933&#8243; custom_google_fonts=&#8221;font_family:Abel%3Aregular|font_style:400%20regular%3A400%3Anormal&#8221; css=&#8221;&#8221; use_custom_heading=&#8221;true&#8221;]<\/p>\n<p>Rua do Campo<br \/>2605-206 Belas<\/p>\n<p>214 314 426<br \/><a href=\"mailto:coord.belas3@espan.edu.pt\">coord.belas3@espan.edu.pt<\/a><\/p>\n<p>[\/vc_toggle][vc_toggle title=&#8221;Escola B\u00e1sica N\u00ba 5 de Belas&#8221; custom_font_container=&#8221;tag:h2|font_size:16|text_align:left|color:%23dd9933&#8243; custom_google_fonts=&#8221;font_family:Abel%3Aregular|font_style:400%20regular%3A400%3Anormal&#8221; css=&#8221;&#8221; use_custom_heading=&#8221;true&#8221;]<\/p>\n<p>Eng. Jos\u00e9 Sousa Santana Marques<br \/>2605-194 Belas<br \/><i class=\"fa fa-phone\"><\/i><br \/>214 353 074<br \/><a href=\"mailto:coord.belas5@espan.edu.pt\">coord.belas5@espan.edu.pt<\/a><\/p>\n<p>[\/vc_toggle][vc_toggle title=&#8221;Escola B\u00e1sica M\u00e1rio Cunha Brito&#8221; custom_font_container=&#8221;tag:h2|font_size:16|text_align:left|color:%23dd9933&#8243; custom_google_fonts=&#8221;font_family:Abel%3Aregular|font_style:400%20regular%3A400%3Anormal&#8221; css=&#8221;&#8221; use_custom_heading=&#8221;true&#8221;]<\/p>\n<p>Rua Costa Reis<br \/>2605-206 Belas<br \/><i class=\"fa fa-phone\"><\/i><\/p>\n<p>214 313 382<br \/><a href=\"mailto:coord.mcbrito@espan.edu.pt\">coord.mcbrito@espan.edu.pt<\/a><\/p>\n<p>[\/vc_toggle][vc_toggle title=&#8221;Escola B\u00e1sica Pego Longo&#8221; custom_font_container=&#8221;tag:h2|font_size:16|text_align:left|color:%23dd9933&#8243; custom_google_fonts=&#8221;font_family:Abel%3Aregular|font_style:400%20regular%3A400%3Anormal&#8221; css=&#8221;&#8221; use_custom_heading=&#8221;true&#8221;]<\/p>\n<p>Bairro do Pego Longo<br \/>Rua da Escola<br \/>2605-122 Belas<br \/><i class=\"fa fa-phone\"><\/i><br \/>214 365 488<br \/><a href=\"mailto:coord.plongo@espan.edu.pt\">coord.plongo@espan.edu.pt<\/a><\/p>\n<p>[\/vc_toggle][vc_toggle title=&#8221;Escola B\u00e1sica Pend\u00e3o&#8221; custom_font_container=&#8221;tag:h2|font_size:16|text_align:left|color:%23dd9933&#8243; custom_google_fonts=&#8221;font_family:Abel%3Aregular|font_style:400%20regular%3A400%3Anormal&#8221; css=&#8221;&#8221; use_custom_heading=&#8221;true&#8221;]<\/p>\n<p>Largo do Alto dos Mo\u00ednhos<br \/>2745-017 Queluz<\/p>\n<p>214 343 200<br \/><a href=\"mailto:coord.pendao@espan.edu.pt\">coord.pendao@espan.edu.pt<\/a><\/p>\n<p>[\/vc_toggle][vc_toggle title=&#8221;Escola B\u00e1sica de Queluz N\u00ba 2&#8243; custom_font_container=&#8221;tag:h2|font_size:16|text_align:left|color:%23dd9933&#8243; custom_google_fonts=&#8221;font_family:Abel%3Aregular|font_style:400%20regular%3A400%3Anormal&#8221; css=&#8221;&#8221; use_custom_heading=&#8221;true&#8221;]<\/p>\n<p>Av. Paiva Couceiro<br \/>Queluz<br \/><i class=\"fa fa-phone\"><\/i><br \/>214 357 357<br \/><a href=\"mailto:coord.queluz2@espan.edu.pt\">coord.queluz2@espan.edu.pt<\/a><\/p>\n<p>[\/vc_toggle][\/vc_column_inner][vc_column_inner width=&#8221;1\/2&#8243;][vc_column_text css=&#8221;&#8221;]<\/p>\n<p><strong>Escolas do agrupamento com Ensino B\u00e1sico &#8211; 2\u00ba e 3\u00ba CEB:<\/strong><\/p>\n<p>[\/vc_column_text][vc_toggle title=&#8221;Escola B\u00e1sica 2\/3 Prof. Galopim de Carvalho&#8221; custom_font_container=&#8221;tag:h2|font_size:16|text_align:left|color:%23dd9933&#8243; custom_google_fonts=&#8221;font_family:Abel%3Aregular|font_style:400%20regular%3A400%3Anormal&#8221; css=&#8221;&#8221; use_custom_heading=&#8221;true&#8221;]<\/p>\n<p>Largo da Boa Esperan\u00e7a<br \/>745-378 Queluz<br \/><i class=\"fa fa-phone\"><\/i><br \/>214 342 010<br \/><i class=\"fa fa-envelope\"><\/i>\u00a0<a href=\"mailto:Coord.pgcarvalho@espan.edu.pt\">Coord.pgcarvalho@espan.edu.pt<\/a><\/p>\n<p>[\/vc_toggle][vc_toggle title=&#8221;Escola B\u00e1sica e Secund\u00e1ria Padre Alberto Neto (ESPAN)&#8221; custom_font_container=&#8221;tag:h2|font_size:16|text_align:left|color:%23dd9933&#8243; custom_google_fonts=&#8221;font_family:Abel%3Aregular|font_style:400%20regular%3A400%3Anormal&#8221; css=&#8221;&#8221; use_custom_heading=&#8221;true&#8221;]<\/p>\n<p>Avenida Paiva Couceiro<br \/>2745-190 Queluz<\/p>\n<p>214 343 200<br \/><i class=\"fa fa-envelope\"><\/i><a href=\"mailto:geral@espan.edu.pt\">geral@espan.edu.pt<\/a><\/p>\n<p>[\/vc_toggle][\/vc_column_inner][\/vc_row_inner][\/vc_tta_section][vc_tta_section title=&#8221;Ensino Secund\u00e1rio&#8221; tab_id=&#8221;1718882727262-2c556bc5-8230&#8243;][vc_column_text css=&#8221;&#8221;]<\/p>\n<h3>CURSOS CIENT\u00cdFICO-HUMAN\u00cdSTICOS<\/h3>\n<section class=\"medialist-embedded-section\"><div mediajqref=\"medialist-construct\" id=\"mlid-6a03963230701\"class=\"medialist ml-default\" data-instance=\"6a03963230701\" data-token=\"10\" data-paging=\"1\"><ul class=\"ml-ul-ml-default\" style=\"list-style-type:none;\"><li class=\"ml-li-ml-default\"><a class=\"ml-item-ml-default medialist-ml-default pdf\"href=\"https:\/\/espan.edu.pt\/site\/wp-content\/uploads\/2025\/07\/Oferta-Formativa-Secundario-CCH-10o-2025-26.pdf\"target=\"_blank\">Oferta Formativa &#8211; Secund\u00e1rio CCH 10\u00ba &#8211; 2025-26 <span class=\"ml-details-ml-default\">pdf 133.9 KB<\/span><\/a><\/li><li class=\"ml-li-ml-default\"><a class=\"ml-item-ml-default medialist-ml-default pdf\"href=\"https:\/\/espan.edu.pt\/site\/wp-content\/uploads\/2025\/07\/Oferta-Formativa-Secundario-CCH-11o-2025-26.pdf\"target=\"_blank\">Oferta Formativa &#8211; Secund\u00e1rio CCH 11\u00ba &#8211; 2025-26 <span class=\"ml-details-ml-default\">pdf 133.4 KB<\/span><\/a><\/li><li class=\"ml-li-ml-default\"><a class=\"ml-item-ml-default medialist-ml-default pdf\"href=\"https:\/\/espan.edu.pt\/site\/wp-content\/uploads\/2025\/07\/Oferta-Formativa-Secundario-CCH-12o-2025-26.pdf\"target=\"_blank\">Oferta Formativa &#8211; Secund\u00e1rio CCH 12\u00ba &#8211; 2025-26 <span class=\"ml-details-ml-default\">pdf 178.7 KB<\/span><\/a><\/li><\/ul><\/div><\/section>\n<p><strong>Escolas do Agrupamento de Queluz-Belas com Cursos Cient\u00edfico-Human\u00edsticos:<\/strong><\/p>\n<p>[\/vc_column_text][vc_toggle title=&#8221;Escola B\u00e1sica e Secund\u00e1ria Padre Alberto Neto (ESPAN)&#8221; custom_font_container=&#8221;tag:h2|font_size:16|text_align:left|color:%23dd8c11&#8243; custom_google_fonts=&#8221;font_family:Abel%3Aregular|font_style:400%20regular%3A400%3Anormal&#8221; css=&#8221;&#8221; use_custom_heading=&#8221;true&#8221;]<\/p>\n<p>Escola Secund\u00e1ria Padre Alberto Neto &#8211; Queluz<br \/>Av. Paiva Couceiro<br \/>2745-190 Queluz<\/p>\n<p><i class=\"fa fa-internet-explorer\"><\/i> www.espan.edu.pt<br \/><i class=\"fa fa-phone\"><\/i> 214 343 200<br \/><i class=\"fa fa-envelope\"><\/i> <a href=\"mailto:geral@espan.edu.pt\">geral@espan.edu.pt<\/a><\/p>\n<p>[\/vc_toggle][\/vc_tta_section][\/vc_tta_tabs][\/vc_column][\/vc_row]<\/p>\n<\/div>","protected":false},"excerpt":{"rendered":"<p>[vc_row][vc_column][vc_tta_tabs][vc_tta_section title=&#8221;Pr\u00e9 Escolar&#8221; tab_id=&#8221;1717570055046-ab06a4a4-ac5b&#8221;][vc_column_text css=&#8221;&#8221;] A educa\u00e7\u00e3o pr\u00e9-escolar destina-se \u00e0s crian\u00e7as com idades compreendidas entre os 3 anos e a idade de ingresso no ensino b\u00e1sico e \u00e9 ministrada em &hellip; <\/p>\n","protected":false},"author":1,"featured_media":0,"parent":0,"menu_order":0,"comment_status":"closed","ping_status":"closed","template":"","meta":{"_bbp_topic_count":0,"_bbp_reply_count":0,"_bbp_total_topic_count":0,"_bbp_total_reply_count":0,"_bbp_voice_count":0,"_bbp_anonymous_reply_count":0,"_bbp_topic_count_hidden":0,"_bbp_reply_count_hidden":0,"_bbp_forum_subforum_count":0},"categories":[],"tags":[],"uagb_featured_image_src":{"full":["https:\/\/espan.edu.pt\/site\/wp-content\/uploads\/2025\/07\/Oferta-Formativa-Secundario-CCH-12o-2025-26-pdf.jpg",1497,1058,true],"thumbnail":["https:\/\/espan.edu.pt\/site\/wp-content\/uploads\/2025\/07\/Oferta-Formativa-Secundario-CCH-12o-2025-26-pdf-150x106.jpg",150,106,true],"medium":["https:\/\/espan.edu.pt\/site\/wp-content\/uploads\/2025\/07\/Oferta-Formativa-Secundario-CCH-12o-2025-26-pdf-300x212.jpg",300,212,true],"medium_large":["https:\/\/espan.edu.pt\/site\/wp-content\/uploads\/2025\/07\/Oferta-Formativa-Secundario-CCH-12o-2025-26-pdf.jpg",640,452,false],"large":["https:\/\/espan.edu.pt\/site\/wp-content\/uploads\/2025\/07\/Oferta-Formativa-Secundario-CCH-12o-2025-26-pdf-1024x724.jpg",640,453,true],"1536x1536":["https:\/\/espan.edu.pt\/site\/wp-content\/uploads\/2025\/07\/Oferta-Formativa-Secundario-CCH-12o-2025-26-pdf.jpg",1497,1058,false],"2048x2048":["https:\/\/espan.edu.pt\/site\/wp-content\/uploads\/2025\/07\/Oferta-Formativa-Secundario-CCH-12o-2025-26-pdf.jpg",1497,1058,false]},"uagb_author_info":{"display_name":"Administrador","author_link":"https:\/\/espan.edu.pt\/site\/author\/administrador\/"},"uagb_comment_info":0,"uagb_excerpt":"[vc_row][vc_column][vc_tta_tabs][vc_tta_section title=&#8221;Pr\u00e9 Escolar&#8221; tab_id=&#8221;1717570055046-ab06a4a4-ac5b&#8221;][vc_column_text css=&#8221;&#8221;] A educa\u00e7\u00e3o pr\u00e9-escolar destina-se \u00e0s crian\u00e7as com idades compreendidas entre os 3 anos e a idade de ingresso no ensino b\u00e1sico e \u00e9 ministrada em &hellip;","_links":{"self":[{"href":"https:\/\/espan.edu.pt\/site\/wp-json\/wp\/v2\/pages\/251603"}],"collection":[{"href":"https:\/\/espan.edu.pt\/site\/wp-json\/wp\/v2\/pages"}],"about":[{"href":"https:\/\/espan.edu.pt\/site\/wp-json\/wp\/v2\/types\/page"}],"author":[{"embeddable":true,"href":"https:\/\/espan.edu.pt\/site\/wp-json\/wp\/v2\/users\/1"}],"replies":[{"embeddable":true,"href":"https:\/\/espan.edu.pt\/site\/wp-json\/wp\/v2\/comments?post=251603"}],"version-history":[{"count":170,"href":"https:\/\/espan.edu.pt\/site\/wp-json\/wp\/v2\/pages\/251603\/revisions"}],"predecessor-version":[{"id":254193,"href":"https:\/\/espan.edu.pt\/site\/wp-json\/wp\/v2\/pages\/251603\/revisions\/254193"}],"wp:attachment":[{"href":"https:\/\/espan.edu.pt\/site\/wp-json\/wp\/v2\/media?parent=251603"}],"wp:term":[{"taxonomy":"category","embeddable":true,"href":"https:\/\/espan.edu.pt\/site\/wp-json\/wp\/v2\/categories?post=251603"},{"taxonomy":"post_tag","embeddable":true,"href":"https:\/\/espan.edu.pt\/site\/wp-json\/wp\/v2\/tags?post=251603"}],"curies":[{"name":"wp","href":"https:\/\/api.w.org\/{rel}","templated":true}]}}