{"id":251577,"date":"2024-06-03T16:28:26","date_gmt":"2024-06-03T16:28:26","guid":{"rendered":"https:\/\/espan.edu.pt\/site\/?page_id=251577"},"modified":"2025-09-02T14:52:57","modified_gmt":"2025-09-02T14:52:57","slug":"manuais-escolares","status":"publish","type":"page","link":"https:\/\/espan.edu.pt\/site\/manuais-escolares\/","title":{"rendered":"Manuais Escolares"},"content":{"rendered":"<div class=\"wpb-content-wrapper\"><p>[vc_row][vc_column][vc_tta_tabs][vc_tta_section title=&#8221;Atribui\u00e7\u00e3o Manuais 25-26&#8243; tab_id=&#8221;1756824474421-602b5239-3c91&#8243;][vc_column_text css=&#8221;&#8221;]<\/p>\n<p>VALES PARA MANUAIS ESCOLARES<\/p>\n<p>Todos os problemas relacionados com o resgate de vales do MEGA devem ser comunicados pelos encarregados de educa\u00e7\u00e3o atrav\u00e9s do seguinte email:<\/p>\n<p><a href=\"mailto:manuais.escolares@espan.edu.pt\">manuais.escolares@espan.edu.pt<\/a><\/p>\n<a href=\"https:\/\/espan.edu.pt\/site\/wp-content\/uploads\/2025\/07\/Informacao-emissao-vales-para-manuais-gratuitos.pdf\" class=\"pdfemb-viewer\" style=\"\" data-width=\"max\" data-height=\"max\"  data-toolbar=\"bottom\" data-toolbar-fixed=\"on\">Informa\u00e7\u00e3o emiss\u00e3o vales para manuais gratuitos<br\/><\/a>\n<p>[\/vc_column_text][\/vc_tta_section][vc_tta_section title=&#8221;Devolu\u00e7\u00e3o de Manuais Escolares 24-25&#8243; tab_id=&#8221;1717431218676-5ff5aff4-7d07&#8243;][vc_column_text css=&#8221;&#8221;]<\/p>\n<a href=\"https:\/\/espan.edu.pt\/site\/wp-content\/uploads\/2025\/05\/Informacao-devolucao-manuais-e-computadores-2024-2025.pdf\" class=\"pdfemb-viewer\" style=\"\" data-width=\"max\" data-height=\"max\"  data-toolbar=\"bottom\" data-toolbar-fixed=\"on\">_Informa\u00e7\u00e3o devolu\u00e7\u00e3o manuais e computadores 2024-2025<br\/><\/a>\n<p>[\/vc_column_text][\/vc_tta_section][vc_tta_section title=&#8221;Links \u00dateis&#8221; tab_id=&#8221;1717431957457-68260ba1-00c8&#8243;]<div class=\"thim-widget-link\"><h4 class=\"title\"><a href=\"https:\/\/area.dge.mec.pt\/sime\">Sistema de Informa\u00e7\u00e3o de Manuais Escolares do Ensino Regular<\/a><\/h4><div class=\"desc\">Consulta de Manuais Escolares, entre outras informa\u00e7\u00f5es.<\/div><\/div>[vc_separator css=&#8221;&#8221;]<div class=\"thim-widget-link\"><h4 class=\"title\"><a href=\"https:\/\/area.dge.mec.pt\/sime-ep\">Sistema de Informa\u00e7\u00e3o de Manuais Escolares do Ensino Profissional (SIME-EP)<\/a><\/h4><div class=\"desc\">Registo e consulta de Manuais Escolares do Ensino Profissional<\/div><\/div>[vc_separator css=&#8221;&#8221;]<div class=\"thim-widget-link\"><h4 class=\"title\"><a href=\"https:\/\/manuaisescolares.pt\/\">Mega - Manuais Escolares<\/a><\/h4><div class=\"desc\">Programa 2024-2025 - Brevemente dispon\u00edvel<\/div><\/div>[\/vc_tta_section][\/vc_tta_tabs][\/vc_column][\/vc_row]<\/p>\n<\/div>","protected":false},"excerpt":{"rendered":"<p>[vc_row][vc_column][vc_tta_tabs][vc_tta_section title=&#8221;Atribui\u00e7\u00e3o Manuais 25-26&#8243; tab_id=&#8221;1756824474421-602b5239-3c91&#8243;][vc_column_text css=&#8221;&#8221;] VALES PARA MANUAIS ESCOLARES Todos os problemas relacionados com o resgate de vales do MEGA devem ser comunicados pelos encarregados de educa\u00e7\u00e3o atrav\u00e9s do &hellip; <\/p>\n","protected":false},"author":1,"featured_media":0,"parent":0,"menu_order":0,"comment_status":"closed","ping_status":"closed","template":"","meta":{"_bbp_topic_count":0,"_bbp_reply_count":0,"_bbp_total_topic_count":0,"_bbp_total_reply_count":0,"_bbp_voice_count":0,"_bbp_anonymous_reply_count":0,"_bbp_topic_count_hidden":0,"_bbp_reply_count_hidden":0,"_bbp_forum_subforum_count":0},"categories":[],"tags":[],"uagb_featured_image_src":{"full":false,"thumbnail":false,"medium":false,"medium_large":false,"large":false,"1536x1536":false,"2048x2048":false},"uagb_author_info":{"display_name":"Administrador","author_link":"https:\/\/espan.edu.pt\/site\/author\/administrador\/"},"uagb_comment_info":0,"uagb_excerpt":"[vc_row][vc_column][vc_tta_tabs][vc_tta_section title=&#8221;Atribui\u00e7\u00e3o Manuais 25-26&#8243; tab_id=&#8221;1756824474421-602b5239-3c91&#8243;][vc_column_text css=&#8221;&#8221;] VALES PARA MANUAIS ESCOLARES Todos os problemas relacionados com o resgate de vales do MEGA devem ser comunicados pelos encarregados de educa\u00e7\u00e3o atrav\u00e9s do &hellip;","_links":{"self":[{"href":"https:\/\/espan.edu.pt\/site\/wp-json\/wp\/v2\/pages\/251577"}],"collection":[{"href":"https:\/\/espan.edu.pt\/site\/wp-json\/wp\/v2\/pages"}],"about":[{"href":"https:\/\/espan.edu.pt\/site\/wp-json\/wp\/v2\/types\/page"}],"author":[{"embeddable":true,"href":"https:\/\/espan.edu.pt\/site\/wp-json\/wp\/v2\/users\/1"}],"replies":[{"embeddable":true,"href":"https:\/\/espan.edu.pt\/site\/wp-json\/wp\/v2\/comments?post=251577"}],"version-history":[{"count":15,"href":"https:\/\/espan.edu.pt\/site\/wp-json\/wp\/v2\/pages\/251577\/revisions"}],"predecessor-version":[{"id":253469,"href":"https:\/\/espan.edu.pt\/site\/wp-json\/wp\/v2\/pages\/251577\/revisions\/253469"}],"wp:attachment":[{"href":"https:\/\/espan.edu.pt\/site\/wp-json\/wp\/v2\/media?parent=251577"}],"wp:term":[{"taxonomy":"category","embeddable":true,"href":"https:\/\/espan.edu.pt\/site\/wp-json\/wp\/v2\/categories?post=251577"},{"taxonomy":"post_tag","embeddable":true,"href":"https:\/\/espan.edu.pt\/site\/wp-json\/wp\/v2\/tags?post=251577"}],"curies":[{"name":"wp","href":"https:\/\/api.w.org\/{rel}","templated":true}]}}