{"id":251137,"date":"2024-02-20T23:34:27","date_gmt":"2024-02-20T23:34:27","guid":{"rendered":"https:\/\/espan.edu.pt\/site\/?page_id=251137"},"modified":"2025-11-20T12:17:15","modified_gmt":"2025-11-20T12:17:15","slug":"escola-digital","status":"publish","type":"page","link":"https:\/\/espan.edu.pt\/site\/escola-digital\/","title":{"rendered":"Escola Digital"},"content":{"rendered":"<div class=\"wpb-content-wrapper\"><p>[vc_section][vc_row][vc_column][vc_column_text css=&#8221;&#8221;]<\/p>\n<p><strong>PRE\u00c7\u00c1RIO ATUALIZADO A 15\/10\/2025<\/strong><\/p>\n<a href=\"https:\/\/espan.edu.pt\/site\/wp-content\/uploads\/2025\/10\/KIT-PRECARIO-SITE_25_26-1_signed.pdf\" class=\"pdfemb-viewer\" style=\"\" data-width=\"max\" data-height=\"max\"  data-toolbar=\"bottom\" data-toolbar-fixed=\"on\">KIT-PRE\u00c7\u00c1RIO-SITE_25_26 1_signed<br\/><\/a>\n<p>[\/vc_column_text][\/vc_column][\/vc_row][\/vc_section][vc_section][vc_row][vc_column width=&#8221;1\/2&#8243;][vc_column_text css=&#8221;&#8221;]<\/p>\n<h2>PEDIDO DE KIT DIGITAL 25-26<\/h2>\n<p>No in\u00edcio de cada ano letivo, a Equipa da Escola Digital procede ao levantamento de necessidades de KiTs Digitais junto dos Diretores de Turma e Professores Titulares de Turma, e efetua as respetivas entregas.<\/p>\n<p>No caso de alunos que cheguem ao AEQB\u00a0<strong>ap\u00f3s este processo<\/strong>, os pedidos s\u00e3o feitos pelos respetivos diretores de turma\/professores titulares de turma, usando a plataforma de Suporte do AEQB, no espa\u00e7o dedicado \u00e0 Escola Digital.<\/p>\n<p><strong>Prioridades na entrega para 25-26:<\/strong><br \/>Alunos com provas digitais<br \/>Alunos do Ensino Profissional (10\u00ba)<br \/>restantes alunos do 10\u00ba<br \/>Alunos de 2\u00ba Ano<br \/>Outros alunos<br \/>Alunos novos no AEQB<br \/>Professores<\/p>\n<p>&nbsp;<\/p>\n<p>[\/vc_column_text][vc_column_text css=&#8221;&#8221;]<\/p>\n<h2>LEVANTAMENTO KIT DIGITAL<\/h2>\n<ul>\n<li>O KIT deve ser levantado pelo encarregado de educa\u00e7\u00e3o ou o aluno, se maior de idade;<\/li>\n<li>Na impossibilidade de vir \u00e0 ESPAN nos dias\/hor\u00e1rios que lhe for indicado, pode contactar a equipa da Escola Digital em escola.digital@espan.edu.pt para ser agendado um hor\u00e1rio adequado. A equipa tentar\u00e1, sempre que poss\u00edvel facilitar este processo.<\/li>\n<li>Caso n\u00e3o seja poss\u00edvel, pode o encarregado de educa\u00e7\u00e3o imprimir e preencher o\u00a0<a href=\"https:\/\/espan.edu.pt\/site\/wp-content\/uploads\/2025\/11\/KIT-levantamento_outrem.pdf\" target=\"_blank\" rel=\"noopener noreferrer\">documento de levantamento<\/a>, no qual d\u00e1 autoriza\u00e7\u00e3o a outrem para efetuar o levantamento.<\/li>\n<\/ul>\n<p>[\/vc_column_text][\/vc_column][vc_column width=&#8221;1\/2&#8243;][vc_column_text]<\/p>\n<h2>DEVOLU\u00c7\u00c3O KIT DIGITAL<\/h2>\n<p>[\/vc_column_text][vc_tta_accordion][vc_tta_section title=&#8221;Geral&#8221; tab_id=&#8221;1708456966901-0e0390d6-cf6c&#8221;][vc_column_text css=&#8221;&#8221;]<\/p>\n<p>Os alunos do 9.\u00ba e 12\u00ba anos que concluem o seu Ciclo do Ensino e os alunos que v\u00e3o solicitar transfer\u00eancia do Agrupamento de Escolas t\u00eam de devolver o Kit Tecnol\u00f3gico do Programa Escola Digital, ao Agrupamento.<\/p>\n<p>O(a) aluno(a)<strong>\u00a0que frequentar o 12.\u00ba ano\u00a0<\/strong>poder\u00e1 manter equipamento\u00a0<strong>se realizar Exames na 2.\u00aa fase;<\/strong>\u00a0deve devolv\u00ea-los ap\u00f3s a publica\u00e7\u00e3o dos resultados. Para tal, deve efetuar um pedido de agendamento \u00e0 Equipa da Escola Digital do AEQB. O Kit Tecnol\u00f3gico\u00a0dever\u00e1 ser entregue pelo Encarregado de Educa\u00e7\u00e3o, ou pelo aluno quando maior de idade, pois dever\u00e1 assinar uma declara\u00e7\u00e3o em como\u00a0procedeu \u00e0 entrega\u00a0e o\u00a0estado de conserva\u00e7\u00e3o do equipamento\u00a0entregue.<\/p>\n<p>No ato da devolu\u00e7\u00e3o do equipamento pelos(as) encarregados(as) de educa\u00e7\u00e3o, o Agrupamento emite o correspondente Auto de Devolu\u00e7\u00e3o e entrega uma c\u00f3pia ao\/\u00e0 EE.<\/p>\n<p><strong>Nota<\/strong>\u00a0\u2013 caso num mesmo agregado familiar exista mais do que um kit escola digital, o(a) encarregado e educa\u00e7\u00e3o ou o(a) aluno(a) quando maior deve certificar-se de que est\u00e3o a devolver o equipamento correto, devendo, neste caso, ser cuidadamente verificados os n\u00fameros de s\u00e9rie dos equipamentos, que constam do Auto de Entrega referente ao(\u00e0) aluno(a) que tem de devolver o kit.<\/p>\n<p>[\/vc_column_text][\/vc_tta_section][vc_tta_section title=&#8221;Conte\u00fado do KIT (A devolver)&#8221; tab_id=&#8221;1708456966913-1f5c993e-1348&#8243;][vc_column_text]<\/p>\n<ul>\n<li>Mochila;<\/li>\n<li>Computador;<\/li>\n<li>Transformador;<\/li>\n<li>Hotspot + cabo de carregamento\u00a0<em>(Quando aplic\u00e1vel)<\/em><\/li>\n<li>Cart\u00e3o SIM e Cart\u00e3o PIN e PUK<\/li>\n<\/ul>\n<p>[\/vc_column_text][\/vc_tta_section][vc_tta_section title=&#8221;Procedimentos a observar antes da devolu\u00e7\u00e3o:&#8221; tab_id=&#8221;1708457159251-beb172ef-c372&#8243;][vc_column_text]<\/p>\n<ul>\n<li>O Kit Tecnol\u00f3gico deve ser devolvido nas condi\u00e7\u00f5es que resultam de um uso respons\u00e1vel e prudente. Caso tal n\u00e3o se verifique, ser\u00e1 efetuado o registo da ocorr\u00eancia e posterior tratamento pelo Agrupamento;<\/li>\n<li>Efetuar uma higieniza\u00e7\u00e3o pr\u00e9via dos equipamentos, cumprindo os cuidados de limpeza apropriados ao tipo de equipamento\u00a0<strong><em>(Taxa aplic\u00e1vel caso contr\u00e1rio: 10\u20ac)<\/em><\/strong><\/li>\n<li>\u00c9 importante fazer uma c\u00f3pia de todos os ficheiros pessoais (documentos, fotografias, v\u00eddeos, entre outros). Pode fazer-se uma c\u00f3pia para uma pendrive, para um disco externo ou para uma drive na cloud (Google Drive, Dropbox, OneDrive, Mega, entre outras).<\/li>\n<li><strong>O Agrupamento de Escolas de Queluz-Belas, Sintra, n\u00e3o se responsabiliza pela perda de dados pessoais<\/strong>\u00a0presentes nos Kit Tecnol\u00f3gicos entregues.\u00a0 No respeito pela pol\u00edtica de seguran\u00e7a digital e na salvaguarda da privacidade de dados, devem os alunos remover\/eliminar todo o tipo de informa\u00e7\u00e3o pessoal, com especial relev\u00e2ncia para as palavras-passe \u201cguardadas\u201d no equipamento; todos os ficheiros pessoais (documentos, imagens, fotografias, m\u00fasicas e v\u00eddeos) e todos os programas licenciados a n\u00edvel pessoal devem ser exclu\u00eddos do equipamento;<\/li>\n<li>Para efeitos de elimina\u00e7\u00e3o\/exclus\u00e3o de todos os dados pessoais,\u00a0<strong>o Agrupamento de Escolas de Queluz-Belas, Sintra n\u00e3o recebe equipamento<\/strong>\u00a0que n\u00e3o tenha sido sujeito a uma\u00a0<a href=\"https:\/\/espan.edu.pt\/site\/wp-content\/uploads\/2024\/02\/Repor-o-PC-a-partir-das-Definicoes-do-Windows-10.pdf\" target=\"_blank\" rel=\"noopener noreferrer\">reposi\u00e7\u00e3o de f\u00e1brica<\/a>;<\/li>\n<li>A reposi\u00e7\u00e3o do sistema ir\u00e1 apagar todos os ficheiros pessoais do disco;<\/li>\n<li>No ato da entrega, os computadores devem ser abertos na tela inicial para certifica\u00e7\u00e3o da reposi\u00e7\u00e3o de f\u00e1brica por parte dos utilizadores; \u00e9 recomendado que o computador seja entrega com alguma percentagem de bateria.<\/li>\n<\/ul>\n<p>[\/vc_column_text][\/vc_tta_section][vc_tta_section title=&#8221;Procedimentos a observar no momento da devolu\u00e7\u00e3o:&#8221; tab_id=&#8221;1708457231670-d709bf1a-f4e6&#8243;][vc_column_text css=&#8221;&#8221;]<\/p>\n<p>A equipa respons\u00e1vel pela recolha ir\u00e1 proceder \u00e0s seguintes a\u00e7\u00f5es obrigat\u00f3rias, que poder\u00e3o ou n\u00e3o levar algum tempo dependo do estado do equipamento (estima-se um tempo para entrega de 15-20 minutos por Kit).<\/p>\n<ul>\n<li>Verificar o n.\u00ba de s\u00e9rie e n.\u00ba de imobilizado;<\/li>\n<li>Inspecionar o estado de higiene e conserva\u00e7\u00e3o dos bens devolvidos;<\/li>\n<li>\u00a0Inspecionar o estado geral f\u00edsico de todos os bens;<\/li>\n<li>Verificar o estado funcional do equipamento<\/li>\n<li>Questionar o encarregado de educa\u00e7\u00e3o e\/ou aluno, se maior de idade sobre eventuais problemas que tenham conhecimento e se existirem proceder ao seu registo;<\/li>\n<\/ul>\n<p>Ser\u00e1 executada uma verifica\u00e7\u00e3o do funcionamento dos equipamentos no momento da devolu\u00e7\u00e3o: <a href=\"https:\/\/espan.edu.pt\/site\/wp-content\/uploads\/2024\/02\/verificacao_KIT.png\" data-slb-active=\"1\" data-slb-asset=\"1512557665\" data-slb-internal=\"0\" data-slb-group=\"250190\"><img loading=\"lazy\" class=\"alignnone wp-image-251082\" src=\"https:\/\/espan.edu.pt\/site\/wp-content\/uploads\/2024\/02\/verificacao_KIT-300x138.png\" sizes=\"(max-width: 715px) 100vw, 715px\" srcset=\"https:\/\/espan.edu.pt\/site\/wp-content\/uploads\/2024\/02\/verificacao_KIT-300x138.png 300w, https:\/\/espan.edu.pt\/site\/wp-content\/uploads\/2024\/02\/verificacao_KIT.png 623w\" alt=\"\" width=\"715\" height=\"329\" \/><\/a> Estes ser\u00e3o verificados um a um e, caso haja algum problema, a sua devolu\u00e7\u00e3o ser\u00e1 rejeitada, n\u00e3o sendo poss\u00edvel requisitar novo KIT no pr\u00f3ximo ano letivo, mesmo que o aluno mude de estabelecimento de ensino. Caso seja registado algum dano no computador, hotspot ou mochila, o Encarregados de Educa\u00e7\u00e3o ter\u00e1 que custear a repara\u00e7\u00e3o\/substitui\u00e7\u00e3o do equipamento.<\/p>\n<p><a href=\"https:\/\/espan.edu.pt\/site\/wp-content\/uploads\/2025\/10\/KIT-PRECARIO-SITE_25_26-1_signed.pdf\">PRE\u00c7\u00c1RIO EM VIGOR <\/a><\/p>\n<p>Em caso de perda ou estrago causado em algum dos\u00a0 equipamentos, o Encarregado de Educa\u00e7\u00e3o dever\u00e1 substituir o respetivo equipamento com a exce\u00e7\u00e3o do computador que, para efeitos de garantia, ser\u00e1 reparado pelo fornecedor (os equipamentos da fase 0 e 1 j\u00e1 se encontram fora da garantia).<\/p>\n<p>[\/vc_column_text][\/vc_tta_section][vc_tta_section title=&#8221;Incumprimento&#8221; tab_id=&#8221;1708457625773-1a3622bd-58c2&#8243;][vc_column_text]<\/p>\n<p class=\"zfr3Q CDt4Ke \" dir=\"ltr\"><span class=\"C9DxTc \">A n\u00e3o entrega do Kit Tecnol\u00f3gico emprestado implica:<\/span><\/p>\n<ul class=\"n8H08c UVNKR \">\n<li class=\"zfr3Q TYR86d eD0Rn \" dir=\"ltr\">\n<p class=\"zfr3Q CDt4Ke \" dir=\"ltr\" role=\"presentation\"><span class=\"C9DxTc \">o impedimento de atribui\u00e7\u00e3o de novos equipamentos ao aluno\/docente;<\/span><\/p>\n<\/li>\n<li>Envio de carta registada informando que ser\u00e3o seguidos os tr\u00e2mites legais at\u00e9 \u00e0 recupera\u00e7\u00e3o dos equipamentos;<\/li>\n<li class=\"zfr3Q TYR86d eD0Rn \" dir=\"ltr\">\n<p class=\"zfr3Q CDt4Ke \" dir=\"ltr\" role=\"presentation\"><span class=\"C9DxTc \">a participa\u00e7\u00e3o \u00e0s autoridades policiais;<\/span><\/p>\n<\/li>\n<li>Procedimentos at\u00e9 \u00e0s \u00faltimas inst\u00e2ncias, nomeadamente at\u00e9 ao Minist\u00e9rio P\u00fablico.<\/li>\n<li class=\"zfr3Q TYR86d eD0Rn \" dir=\"ltr\">\n<p class=\"zfr3Q CDt4Ke \" dir=\"ltr\" role=\"presentation\"><span class=\"C9DxTc \">a n\u00e3o devolu\u00e7\u00e3o dos equipamentos em bom estado, ou a n\u00e3o devolu\u00e7\u00e3o do conjunto ou de parte dos equipamentos resultar\u00e1 no acionamento de obriga\u00e7\u00f5es contratualmente previstas por perda ou deteriora\u00e7\u00e3o dos bens e equipamentos, de acordo com o Auto de Entrega (pontos 2, 3, 5, 9, 10).<\/span><\/p>\n<\/li>\n<\/ul>\n<p>[\/vc_column_text][\/vc_tta_section][\/vc_tta_accordion][\/vc_column][\/vc_row][\/vc_section][vc_section][vc_row][vc_column][vc_column_text]<\/p>\n<h1 style=\"text-align: center;\">APOIO<\/h1>\n<p>[\/vc_column_text][vc_row_inner][vc_column_inner width=&#8221;1\/2&#8243;][vc_column_text]<\/p>\n<h1>FAQ &#8211; ESCOLA DIGITAL<\/h1>\n<p><em>(Frequently asked questions \/ Quest\u00f5es Frequentes)<\/em>[\/vc_column_text][vc_toggle title=&#8221;Preciso contactar a equipa da Escola Digital. Como fazer?&#8221; css=&#8221;&#8221;]<\/p>\n<p>A equipa da Escola Digital s\u00f3 pode ser contactada via e-mail para escola.digital@espan.edu.pt<\/p>\n<p>Se necess\u00e1rio, a equipa faz um agendamento.<\/p>\n<p>[\/vc_toggle][vc_toggle title=&#8221;O que \u00e9?&#8221;]A primeira fase, contemplou a distribui\u00e7\u00e3o dos seguintes\u00a0<em>kits<\/em>, aos alunos de A\u00e7\u00e3o Social Escolar:<\/p>\n<ul>\n<li><strong><em>kit<\/em><\/strong><strong>\u00a0de computador<\/strong>\u00a0\u2013\u00a0<em>computador port\u00e1til, auscultador com microfone (headset) e uma mochila.<\/em><\/li>\n<li><strong><em>kit<\/em>\u00a0de conetividade<\/strong>\u00a0\u2013\u00a0<em>hotspot (router) e um cart\u00e3o SIM de dados, uso exclusivamente em contexto educativo e de modo respons\u00e1vel.\u00a0<\/em>\u00c9<em>\u00a0disponibilizado um pacote de 12GB de dados por m\u00eas. Se acabar o plafond, h\u00e1 a possibilidade de refor\u00e7o com carregamentos adicionais atrav\u00e9s das caixas Multibanco, da responsabilidade do Encarregado Educa\u00e7\u00e3o, que assume a despesa.<\/em><\/li>\n<\/ul>\n<p>A segunda fase, fase atual, contempla a atribui\u00e7\u00e3o aos restantes alunos.[\/vc_toggle][vc_toggle title=&#8221;Como usar os equipamentos?&#8221;]A entrega destes equipamentos aos alunos \u00e9 tempor\u00e1ria e gratuita e destina-se a ser usada, exclusivamente, para fins do processo de ensino e aprendizagem do aluno. Portanto, o aluno \u00e9 livre para usar o equipamento para estudar, fazer trabalhos, pesquisar, comunicar com os colegas e professores, desenvolver as suas aprendizagens.[\/vc_toggle][vc_toggle title=&#8221;Como se processa a ced\u00eancia?&#8221;]Cada Encarregado de Educa\u00e7\u00e3o (ou representante) toma conhecimento e assina um \u201c<em>Auto de Entrega<\/em>\u201d dos equipamentos, no ato de levantamento que, entre outras, cont\u00e9m os direitos e deveres de utiliza\u00e7\u00e3o a que est\u00e1 obrigado. Aqui podem analisar toda a informa\u00e7\u00e3o que aparece nos Autos que s\u00e3o gerados, depois do processamento e atribui\u00e7\u00e3o do kit digital ao Aluno e Professor:<\/p>\n<ul>\n<li>Exemplo de Auto do Aluno<\/li>\n<li>Exemplo de Auto do Docente<\/li>\n<\/ul>\n<p>[\/vc_toggle][vc_toggle title=&#8221;Quais as vantagens de utiliza\u00e7\u00e3o do KIT Escola Digital?&#8221;]<\/p>\n<ul>\n<li>Possibilidade de utiliza\u00e7\u00e3o de um conjunto de equipamentos de forma gratuita<\/li>\n<li>Utiliza\u00e7\u00e3o de internet m\u00f3vel gratuita (usada responsavelmente)<\/li>\n<li>Potenciar as aprendizagens dos alunos, correspondendo \u00e0s solicita\u00e7\u00f5es dos professores e da escola<\/li>\n<li>Prepara\u00e7\u00e3o para o futuro da Escola (por exemplo, desmaterializa\u00e7\u00e3o dos manuais escolares, realiza\u00e7\u00e3o de avalia\u00e7\u00e3o em modo digital,\u2026)<\/li>\n<li>Capacitar o aluno para a literacia digital<\/li>\n<\/ul>\n<p>[\/vc_toggle][vc_toggle title=&#8221;Como posso pedir um KIT digital para o meu educando?&#8221; css=&#8221;&#8221;]<\/p>\n<p>Deve informar o Diretor de Turma ou o Professor Titular de Turma, que far\u00e1 o pedido \u00e0 equipa da Escola Digital.<\/p>\n<p>[\/vc_toggle][vc_toggle title=&#8221;Conectividade &#8211; Quem tem acesso \u00e0 internet?&#8221; css=&#8221;&#8221;]<\/p>\n<p>De acordo com a <a href=\"https:\/\/diariodarepublica.pt\/dr\/detalhe\/resolucao-conselho-ministros\/103-c-2024-877330548\">Resolu\u00e7\u00e3o do Conselho de Ministros n.\u00ba 103-C\/2024<\/a>, apenas os alunos indicados abaixo ter\u00e3o acesso ao hotspot \/ Cart\u00e3o SIM:<\/p>\n<p>a) Aos alunos benefici\u00e1rios da a\u00e7\u00e3o social escolar dos ensinos b\u00e1sico e secund\u00e1rio que frequentem escolas p\u00fablicas e estabelecimentos de ensino particulares e cooperativos abrangidos por contratos de associa\u00e7\u00e3o com o Estado;<\/p>\n<p>b) Aos alunos abrangidos pelo projeto-piloto &#8220;Manuais Digitais&#8221;;<\/p>\n<p>c) Aos alunos que realizem provas em suporte digital;<\/p>\n<p>Assim, os alunos n\u00e3o abrangidos pelas al\u00edneas anteriores ver\u00e3o o acesso \u00e0 internet bloqueado centralmente (Pelo Minist\u00e9rio da Educa\u00e7\u00e3o). Caso a situa\u00e7\u00e3o dos alunos se altere, no que diz respeito ao Escal\u00e3o, dever\u00e3o contactar com a Equipa da Escola Digital, enviando o respetivo comprovativo, para escola.digital@espan.edu.pt<\/p>\n<h4>Informa\u00e7\u00e3o enviada a 23 de abril de 2025 pela <span data-olk-copy-source=\"MessageBody\">DGEstE<\/span><\/h4>\n<p><a href=\"https:\/\/espan.edu.pt\/site\/wp-content\/uploads\/2025\/04\/Folheto-Informativo-Conectividade.pdf\" target=\"_blank\" rel=\"noopener noreferrer\">Folheto Informativo &#8211; Conectividade<\/a><\/p>\n<p>[\/vc_toggle][vc_toggle title=&#8221;Problemas com Internet &#8211; Como resolver?&#8221; css=&#8221;&#8221;]<\/p>\n<p><strong>Bloqueio no acesso \u00e0 Internet nos computadores da Escola Digital \u2013 Umbrella<\/strong><\/p>\n<p>T\u00eam-se registado alguns constrangimentos no acesso \u00e0 internet nos computadores da Escola Digital, causado pelo software Umbrella.<\/p>\n<p>Para resolver esta situa\u00e7\u00e3o, aconselha-se a desativa\u00e7\u00e3o do Umbrella nos equipamentos da Escola Digital.<\/p>\n<p>(\u2026)<\/p>\n<p>Para os computadores que j\u00e1 se encontram sem acesso \u00e0 internet, devem optar por uma das seguintes solu\u00e7\u00f5es:<\/p>\n<p>1 \u2013 Desativar manualmente o Umbrella em cada equipamento seguindo as instru\u00e7\u00f5es.<\/p>\n<p>A partir do menu inicial do Windows, deve pesquisar por \u201cServi\u00e7os\u201d, abrindo a configura\u00e7\u00e3o correspondente.<\/p>\n<p>Na lista de servi\u00e7os apresentados deve procurar por\u00a0<strong>\u201cUmbrella Roaming Client\u201d<\/strong>,<br \/>Na janela que ser\u00e1 aberta, deve alterar o\u00a0<strong>\u201cTipo de arranque\u201d<\/strong>\u00a0para\u00a0<strong>\u201cDesativado\u201d<\/strong>, e clicar em\u00a0<strong>\u201cParar\u201d<\/strong>\u00a0para interromper o servi\u00e7o.<\/p>\n<p>2 &#8211; Fazer o download para uma PEN da Ferramenta de Desativa\u00e7\u00e3o do Umbrella que se encontra no seguinte link: https:\/\/www.inforlandia.com\/suporte-tecnico-e-apoio\/ e fazer correr o programa nos computadores que j\u00e1 t\u00eam bloqueio no acesso \u00e0 internet.<\/p>\n<p><a href=\"https:\/\/espan.edu.pt\/site\/wp-content\/uploads\/2024\/07\/umbrella.jpg\"><img loading=\"lazy\" class=\"alignnone wp-image-251983\" src=\"https:\/\/espan.edu.pt\/site\/wp-content\/uploads\/2024\/07\/umbrella-300x171.jpg\" alt=\"\" width=\"367\" height=\"209\" srcset=\"https:\/\/espan.edu.pt\/site\/wp-content\/uploads\/2024\/07\/umbrella-300x171.jpg 300w, https:\/\/espan.edu.pt\/site\/wp-content\/uploads\/2024\/07\/umbrella.jpg 569w\" sizes=\"(max-width: 367px) 100vw, 367px\" \/><\/a><\/p>\n<h5><strong><em>Informa\u00e7\u00e3o enviada pela DGESTE a 08\/07\/2024<\/em><\/strong><\/h5>\n<p>[\/vc_toggle][vc_toggle title=&#8221;Quando devolver o KIT?&#8221;]<\/p>\n<ul>\n<li>Os equipamentos t\u00eam que ser devolvidos:\n<ul>\n<li>na data de conclus\u00e3o do primeiro ciclo do ensino b\u00e1sico, na data de conclus\u00e3o do terceiro ciclo do ensino b\u00e1sico, na conclus\u00e3o do Ensino Secund\u00e1rio.<\/li>\n<li>na situa\u00e7\u00e3o de transfer\u00eancia para outro Agrupamento de Escolas\/Escola n\u00e3o Agrupada.<\/li>\n<\/ul>\n<p>Os equipamentos devem ser devolvidos nos prazos estipulados pelo AEQB, conforme informa\u00e7\u00e3o a divulgar.<\/p>\n<\/li>\n<\/ul>\n<p>[\/vc_toggle][vc_toggle title=&#8221;Quais as obriga\u00e7\u00f5es do Encarregado de Educa\u00e7\u00e3o\/Aluno\/Docente?&#8221;]<\/p>\n<ul>\n<li>zelar pela conserva\u00e7\u00e3o dos equipamentos<\/li>\n<li>restituir em boas condi\u00e7\u00f5es os equipamentos no final do tempo estipulado<\/li>\n<li>suportar os custos de repara\u00e7\u00e3o caso haja danos provocados por mau uso.<\/li>\n<li>informar sempre que ocorrer perda, avaria ou roubo<\/li>\n<li>apresentar queixa na GNR se o equipamento for furtado e entregar comprovativo na escola<\/li>\n<li>n\u00e3o instalar ou desinstalar programas, a n\u00e3o ser com autoriza\u00e7\u00e3o da Escola.<\/li>\n<li>n\u00e3o ceder ou emprestar o equipamento a terceiros.<\/li>\n<\/ul>\n<p>[\/vc_toggle][vc_toggle title=&#8221;Qual a disponibilidade do AEQB?&#8221;]<\/p>\n<ul>\n<li>Elabora\u00e7\u00e3o de tutoriais e v\u00eddeos de apoio para trabalhar com os programas contidos no computador;<\/li>\n<li>Exist\u00eancia de p\u00e1gina de informa\u00e7\u00e3o sobre a Escola Digital<\/li>\n<\/ul>\n<p>[\/vc_toggle][vc_toggle title=&#8221;Quem pode levantar os equipamentos?&#8221;]<\/p>\n<ul>\n<li>Os equipamentos s\u00f3 podem ser levantados pelo Encarregado de Educa\u00e7\u00e3o ou por um adulto de refer\u00eancia indicado pelo Encarregado de Educa\u00e7\u00e3o. No ato de entrega o encarregado de educa\u00e7\u00e3o ter\u00e1 de assinar o auto de entrega.<\/li>\n<\/ul>\n<p>[\/vc_toggle][vc_toggle title=&#8221;Assist\u00eancia T\u00e9cnica&#8221; css=&#8221;&#8221;]<\/p>\n<ul>\n<li><strong>O que fazer quando tenho um problema t\u00e9cnico com o meu PC?<\/strong><\/li>\n<\/ul>\n<p>O AEQB n\u00e3o presta assist\u00eancia t\u00e9cnica ao equipamento da escola digital. O Encarregado de Educa\u00e7\u00e3o deve procurar apoio nas lojas da especialidade da sua prefer\u00eancia.<\/p>\n<p>[\/vc_toggle][vc_toggle title=&#8221;Devolu\u00e7\u00f5es&#8221; css=&#8221;&#8221;]<\/p>\n<ul>\n<li><strong>Quero devolver o meu KIT digital. O que fazer?<\/strong><\/li>\n<li>No final de cada ano letivo h\u00e1 sempre lugar a devolu\u00e7\u00f5es. Deve aguardar que a Equipa da Escola Digital defina datas para efetuar essa entrega. Caso n\u00e3o possa esperar, deve contactar a Escola Digital do AEQB para efetuar um agendamento atrav\u00e9s do e-mail escola.digital@espan.edu.pt.<\/li>\n<\/ul>\n<p>[\/vc_toggle][vc_toggle title=&#8221;Roubo ou Perda&#8221;]<\/p>\n<ul>\n<li><b>Roubo ou Perda:<\/b>\u00a0Informar com urg\u00eancia o Agrupamento e a PSP.\n<ul>\n<li>Em caso de roubo ou perda deve registar o boletim de ocorr\u00eancia junto das autoridades locais, e informar o AEQB, apresentando o documento para que se possa solicitar o bloqueio dos equipamentos.<\/li>\n<\/ul>\n<\/li>\n<\/ul>\n<p>[\/vc_toggle][\/vc_column_inner][vc_column_inner width=&#8221;1\/2&#8243;][vc_column_text]<\/p>\n<h1>APOIO T\u00c9CNICO<\/h1>\n<p>[\/vc_column_text][vc_column_text]<\/p>\n<h2>Reposi\u00e7\u00e3o de Imagem<\/h2>\n<p>Documento de apoio:\u00a0<a href=\"https:\/\/espan.edu.pt\/site\/wp-content\/uploads\/2024\/02\/Repor-o-PC-a-partir-das-Definicoes-do-Windows-10.pdf\" target=\"_blank\" rel=\"noopener noreferrer\">Reposi\u00e7\u00e3o de Imagem<\/a> V\u00eddeo:\u00a0<a href=\"https:\/\/www.youtube.com\/watch?v=hYA6d0SHjsU\" target=\"_blank\" rel=\"noopener noreferrer\">LINK AQUI\u00a0<\/a>[\/vc_column_text][vc_column_text css=&#8221;&#8221;]<\/p>\n<h2>Cuco<\/h2>\n<p><a href=\"https:\/\/espan.edu.pt\/site\/wp-content\/uploads\/2024\/02\/unblock.png\"><img loading=\"lazy\" class=\"alignnone size-medium wp-image-251139\" src=\"https:\/\/espan.edu.pt\/site\/wp-content\/uploads\/2024\/02\/unblock-300x140.png\" alt=\"\" width=\"300\" height=\"140\" srcset=\"https:\/\/espan.edu.pt\/site\/wp-content\/uploads\/2024\/02\/unblock-300x140.png 300w, https:\/\/espan.edu.pt\/site\/wp-content\/uploads\/2024\/02\/unblock.png 477w\" sizes=\"(max-width: 300px) 100vw, 300px\" \/><\/a><\/p>\n<p><a href=\"https:\/\/espan.edu.pt\/site\/wp-content\/uploads\/2025\/06\/Informacao-Desbloqueio-Kit-Escola-Digital-_v3.pdf\" target=\"_blank\" rel=\"noopener noreferrer\">Instru\u00e7\u00f5es para o desbloqueio<\/a><\/p>\n<p><a href=\"https:\/\/www.youtube.com\/watch?v=zIs_UTq_Ux8\" target=\"_blank\" rel=\"noopener noreferrer\">V\u00eddeo de apoio<\/a> &#8211; Cr\u00e9ditos ao seu autor<\/p>\n<p>[\/vc_column_text][vc_column_text]<\/p>\n<h2>Configura\u00e7\u00e3o de Hotspots<\/h2>\n<p>O AEQB divulga os folhetos de configura\u00e7\u00e3o dos HotSpot dos Equipamentos tipo I e III. As configura\u00e7\u00f5es definidas s\u00e3o necess\u00e1rias para que os HopSpot funcionem:<\/p>\n<div class=\"post-inner\">\n<div class=\"post-content\">\n<ul>\n<li class=\"wp-block-file\"><a href=\"https:\/\/espan.edu.pt\/site\/wp-content\/uploads\/2024\/02\/ed_configuracao_hotspot.pdf\" target=\"_blank\" rel=\"noopener noreferrer\">Configurac\u00e3o de hotspot \u2013 tipo III<\/a><\/li>\n<li class=\"wp-block-file\"><a href=\"https:\/\/espan.edu.pt\/site\/wp-content\/uploads\/2024\/02\/tmf08_mobile_hotspot.pdf\" target=\"_blank\" rel=\"noopener noreferrer\">tmf08_Mobile_hotspot<\/a><\/li>\n<li class=\"wp-block-file\"><a href=\"https:\/\/espan.edu.pt\/site\/wp-content\/uploads\/2024\/02\/quickguide_lte4g_8916_wh1-140p.c_yk1-140p_pt1-140c_v1.pdf\" target=\"_blank\" rel=\"noopener noreferrer\">Quickguide_lte4g_8916_wh1-140p.c_yk1-140p_pt1-140c_v1<\/a><\/li>\n<\/ul>\n<\/div>\n<\/div>\n<p>[\/vc_column_text][\/vc_column_inner][\/vc_row_inner][\/vc_column][\/vc_row][\/vc_section]<\/p>\n<\/div>","protected":false},"excerpt":{"rendered":"<p>[vc_section][vc_row][vc_column][vc_column_text css=&#8221;&#8221;] PRE\u00c7\u00c1RIO ATUALIZADO A 15\/10\/2025 [\/vc_column_text][\/vc_column][\/vc_row][\/vc_section][vc_section][vc_row][vc_column width=&#8221;1\/2&#8243;][vc_column_text css=&#8221;&#8221;] PEDIDO DE KIT DIGITAL 25-26 No in\u00edcio de cada ano letivo, a Equipa da Escola Digital procede ao levantamento de necessidades &hellip; <\/p>\n","protected":false},"author":1,"featured_media":0,"parent":0,"menu_order":0,"comment_status":"closed","ping_status":"closed","template":"","meta":{"_bbp_topic_count":0,"_bbp_reply_count":0,"_bbp_total_topic_count":0,"_bbp_total_reply_count":0,"_bbp_voice_count":0,"_bbp_anonymous_reply_count":0,"_bbp_topic_count_hidden":0,"_bbp_reply_count_hidden":0,"_bbp_forum_subforum_count":0},"categories":[6564,6573],"tags":[],"uagb_featured_image_src":{"full":false,"thumbnail":false,"medium":false,"medium_large":false,"large":false,"1536x1536":false,"2048x2048":false},"uagb_author_info":{"display_name":"Administrador","author_link":"https:\/\/espan.edu.pt\/site\/author\/administrador\/"},"uagb_comment_info":0,"uagb_excerpt":"[vc_section][vc_row][vc_column][vc_column_text css=&#8221;&#8221;] PRE\u00c7\u00c1RIO ATUALIZADO A 15\/10\/2025 [\/vc_column_text][\/vc_column][\/vc_row][\/vc_section][vc_section][vc_row][vc_column width=&#8221;1\/2&#8243;][vc_column_text css=&#8221;&#8221;] PEDIDO DE KIT DIGITAL 25-26 No in\u00edcio de cada ano letivo, a Equipa da Escola Digital procede ao levantamento de necessidades &hellip;","_links":{"self":[{"href":"https:\/\/espan.edu.pt\/site\/wp-json\/wp\/v2\/pages\/251137"}],"collection":[{"href":"https:\/\/espan.edu.pt\/site\/wp-json\/wp\/v2\/pages"}],"about":[{"href":"https:\/\/espan.edu.pt\/site\/wp-json\/wp\/v2\/types\/page"}],"author":[{"embeddable":true,"href":"https:\/\/espan.edu.pt\/site\/wp-json\/wp\/v2\/users\/1"}],"replies":[{"embeddable":true,"href":"https:\/\/espan.edu.pt\/site\/wp-json\/wp\/v2\/comments?post=251137"}],"version-history":[{"count":49,"href":"https:\/\/espan.edu.pt\/site\/wp-json\/wp\/v2\/pages\/251137\/revisions"}],"predecessor-version":[{"id":253816,"href":"https:\/\/espan.edu.pt\/site\/wp-json\/wp\/v2\/pages\/251137\/revisions\/253816"}],"wp:attachment":[{"href":"https:\/\/espan.edu.pt\/site\/wp-json\/wp\/v2\/media?parent=251137"}],"wp:term":[{"taxonomy":"category","embeddable":true,"href":"https:\/\/espan.edu.pt\/site\/wp-json\/wp\/v2\/categories?post=251137"},{"taxonomy":"post_tag","embeddable":true,"href":"https:\/\/espan.edu.pt\/site\/wp-json\/wp\/v2\/tags?post=251137"}],"curies":[{"name":"wp","href":"https:\/\/api.w.org\/{rel}","templated":true}]}}