{"id":15688,"date":"2019-01-30T15:34:08","date_gmt":"2019-01-30T15:34:08","guid":{"rendered":"http:\/\/espan.edu.pt\/site\/?page_id=15688"},"modified":"2021-06-20T23:00:56","modified_gmt":"2021-06-20T23:00:56","slug":"curso-de-educacao-e-formacao-cef","status":"publish","type":"page","link":"https:\/\/espan.edu.pt\/site\/curso-de-educacao-e-formacao-cef\/","title":{"rendered":"Curso de Educa\u00e7\u00e3o e Forma\u00e7\u00e3o (CEF)"},"content":{"rendered":"<div class=\"wpb-content-wrapper\"><p>[vc_row full_width=&#8221;stretch_row&#8221; el_class=&#8221;text-left&#8221; css=&#8221;.vc_custom_1548178499637{padding-top: 30px !important;padding-bottom: 100px !important;background-position: center !important;background-repeat: no-repeat !important;background-size: cover !important;}&#8221;][vc_column width=&#8221;1\/2&#8243;][vc_column_text]Os Cursos de Educa\u00e7\u00e3o e Forma\u00e7\u00e3o (CEF) s\u00e3o uma oportunidade para concluir a escolaridade obrigat\u00f3ria, atrav\u00e9s de um percurso flex\u00edvel e ajustado aos interesses\u00a0 do aluno, ou para poder prosseguir estudos ou forma\u00e7\u00e3o que permita uma entrada qualificada no mundo do trabalho.<\/p>\n<p>Neste sentido, cada curso corresponde a uma etapa de educa\u00e7\u00e3o\/forma\u00e7\u00e3o (desde o Tipo 1 ao Tipo 7) cujo acesso est\u00e1 relacionado com o n\u00edvel de habilita\u00e7\u00e3o escolar e profissional j\u00e1 alcan\u00e7ado. No final de cada etapa o aluno obter\u00e1 uma certifica\u00e7\u00e3o escolar e profissional.<\/p>\n<p>Os CEF podem ser indicados para alunos que se encontrem nas seguintes condi\u00e7\u00f5es:<br \/>\n&#8211; idade igual ou superior a 15 anos;<br \/>\n&#8211; habilita\u00e7\u00f5es escolares inferiores ao 2.\u00ba e 3.\u00ba ciclos ou ensino secund\u00e1rio ou o ensino secund\u00e1rio j\u00e1 conclu\u00eddo;<br \/>\n&#8211; aus\u00eancia de certifica\u00e7\u00e3o profissional ou interesse na obten\u00e7\u00e3o de uma certifica\u00e7\u00e3o profissional de n\u00edvel superior \u00e0 que j\u00e1 possui.<\/p>\n<p>Os CEF incentivam ao prosseguimento de estudos\/forma\u00e7\u00e3o e permitem adquirir compet\u00eancias profissionais, atrav\u00e9s de solu\u00e7\u00f5es flex\u00edveis, de acordo com os interesses e necessidades do mercado de trabalho local.<\/p>\n<p>Os CEF s\u00e3o percursos formativos organizados numa sequ\u00eancia de etapas de forma\u00e7\u00e3o (desde o tipo 1 ao tipo 7), consoante as tuas habilita\u00e7\u00f5es de acesso e a dura\u00e7\u00e3o das forma\u00e7\u00f5es.<\/p>\n<p>Independentemente da tipologia, todos os CEF integram quatro componentes de forma\u00e7\u00e3o:<br \/>\n&#8211; Sociocultural;<br \/>\n&#8211; Cient\u00edfica;<br \/>\n&#8211; Tecnol\u00f3gica;<br \/>\n&#8211; Pr\u00e1tica.<\/p>\n<hr \/>\n<a href=\"https:\/\/espan.edu.pt\/site\/wp-content\/uploads\/2020\/06\/Oferta-formativa-CEF-2020-2021.pdf\" class=\"pdfemb-viewer\" style=\"\" data-width=\"max\" data-height=\"max\"  data-toolbar=\"bottom\" data-toolbar-fixed=\"on\">Oferta formativa CEF 2020 2021<br\/><\/a>\n<hr \/>\n<p><strong>\u00a0<\/strong>[\/vc_column_text][vc_tta_accordion style=&#8221;modern&#8221; active_section=&#8221;1&#8243;][vc_tta_section title=&#8221;Escola B\u00e1sica e Secund\u00e1ria Padre Alberto Neto&#8221; tab_id=&#8221;1548178354089-22ef1104-3f69&#8243;][vc_column_text]<strong>Contactos<\/strong><\/p>\n<p><i class=\"fa fa-location-arrow\"><\/i> Avenida Paiva Couceiro, 2745-190 Queluz<br \/>\n<i class=\"fa fa-phone\"><\/i> 214 343 200<br \/>\n<i class=\"fa fa-envelope\"><\/i> <a href=\"mailto:geral@espan.edu.pt\">geral@espan.edu.pt<\/a>[\/vc_column_text][\/vc_tta_section][\/vc_tta_accordion][\/vc_column][vc_column width=&#8221;1\/2&#8243;][vc_column_text]<\/p>\n<h2>Fa\u00e7a a sua pr\u00e9-inscri\u00e7\u00e3o <strong><a href=\"https:\/\/forms.office.com\/Pages\/DesignPage.aspx?fragment=FormId%3DJZodSzRftkyUAH9nUqC7_3V-xcpP96FAo6mNEyDY6YlUME1PUVJHVjU5U0c1TFRTUVRCN1A4OE44TC4u\" target=\"_blank\" rel=\"noopener noreferrer\">aqui<\/a><\/strong>.<\/h2>\n<p>Em alternativa, pode descarregar o formul\u00e1rio abaixo e entreg\u00e1-lo preenchido nos Servi\u00e7os Administrativos no Agrupamento de Escolas Queluz-Belas.<\/p>\n<a href=\"https:\/\/espan.edu.pt\/site\/wp-content\/uploads\/2021\/05\/CEF-Inscric\u0327a\u0303o-21-22.pdf\" class=\"pdfemb-viewer\" style=\"\" data-width=\"max\" data-height=\"max\"  data-toolbar=\"bottom\" data-toolbar-fixed=\"on\">CEF Inscric\u0327a\u0303o 21-22<br\/><\/a>\n<p>&nbsp;<\/p>\n<h2>Pode descarregar o ficheiro <a href=\"https:\/\/espan.edu.pt\/site\/wp-content\/uploads\/2021\/05\/CEF-Inscric\u0327a\u0303o-21-22.pdf\"><strong>aqui<\/strong><\/a>.<\/h2>\n<p>[\/vc_column_text][\/vc_column][\/vc_row]<\/p>\n<\/div>","protected":false},"excerpt":{"rendered":"<p>[vc_row full_width=&#8221;stretch_row&#8221; el_class=&#8221;text-left&#8221; css=&#8221;.vc_custom_1548178499637{padding-top: 30px !important;padding-bottom: 100px !important;background-position: center !important;background-repeat: no-repeat !important;background-size: cover !important;}&#8221;][vc_column width=&#8221;1\/2&#8243;][vc_column_text]Os Cursos de Educa\u00e7\u00e3o e Forma\u00e7\u00e3o (CEF) s\u00e3o uma oportunidade para concluir a escolaridade obrigat\u00f3ria, atrav\u00e9s &hellip; <\/p>\n","protected":false},"author":1,"featured_media":0,"parent":0,"menu_order":0,"comment_status":"closed","ping_status":"closed","template":"","meta":{"_bbp_topic_count":0,"_bbp_reply_count":0,"_bbp_total_topic_count":0,"_bbp_total_reply_count":0,"_bbp_voice_count":0,"_bbp_anonymous_reply_count":0,"_bbp_topic_count_hidden":0,"_bbp_reply_count_hidden":0,"_bbp_forum_subforum_count":0},"categories":[],"tags":[],"uagb_featured_image_src":{"full":false,"thumbnail":false,"medium":false,"medium_large":false,"large":false,"1536x1536":false,"2048x2048":false},"uagb_author_info":{"display_name":"Administrador","author_link":"https:\/\/espan.edu.pt\/site\/author\/administrador\/"},"uagb_comment_info":0,"uagb_excerpt":"[vc_row full_width=&#8221;stretch_row&#8221; el_class=&#8221;text-left&#8221; css=&#8221;.vc_custom_1548178499637{padding-top: 30px !important;padding-bottom: 100px !important;background-position: center !important;background-repeat: no-repeat !important;background-size: cover !important;}&#8221;][vc_column width=&#8221;1\/2&#8243;][vc_column_text]Os Cursos de Educa\u00e7\u00e3o e Forma\u00e7\u00e3o (CEF) s\u00e3o uma oportunidade para concluir a escolaridade obrigat\u00f3ria, atrav\u00e9s &hellip;","_links":{"self":[{"href":"https:\/\/espan.edu.pt\/site\/wp-json\/wp\/v2\/pages\/15688"}],"collection":[{"href":"https:\/\/espan.edu.pt\/site\/wp-json\/wp\/v2\/pages"}],"about":[{"href":"https:\/\/espan.edu.pt\/site\/wp-json\/wp\/v2\/types\/page"}],"author":[{"embeddable":true,"href":"https:\/\/espan.edu.pt\/site\/wp-json\/wp\/v2\/users\/1"}],"replies":[{"embeddable":true,"href":"https:\/\/espan.edu.pt\/site\/wp-json\/wp\/v2\/comments?post=15688"}],"version-history":[{"count":16,"href":"https:\/\/espan.edu.pt\/site\/wp-json\/wp\/v2\/pages\/15688\/revisions"}],"predecessor-version":[{"id":248606,"href":"https:\/\/espan.edu.pt\/site\/wp-json\/wp\/v2\/pages\/15688\/revisions\/248606"}],"wp:attachment":[{"href":"https:\/\/espan.edu.pt\/site\/wp-json\/wp\/v2\/media?parent=15688"}],"wp:term":[{"taxonomy":"category","embeddable":true,"href":"https:\/\/espan.edu.pt\/site\/wp-json\/wp\/v2\/categories?post=15688"},{"taxonomy":"post_tag","embeddable":true,"href":"https:\/\/espan.edu.pt\/site\/wp-json\/wp\/v2\/tags?post=15688"}],"curies":[{"name":"wp","href":"https:\/\/api.w.org\/{rel}","templated":true}]}}