{"id":13984,"date":"2019-01-23T16:45:00","date_gmt":"2019-01-23T16:45:00","guid":{"rendered":"http:\/\/espan.edu.pt\/site\/?page_id=13984"},"modified":"2025-04-01T06:44:52","modified_gmt":"2025-04-01T06:44:52","slug":"conselho-administrativo","status":"publish","type":"page","link":"https:\/\/espan.edu.pt\/site\/conselho-administrativo\/","title":{"rendered":"Conselho Administrativo"},"content":{"rendered":"<div class=\"wpb-content-wrapper\"><p>[vc_row css=&#8221;.vc_custom_1471796791252{margin-bottom: 63px !important;}&#8221;][vc_column width=&#8221;1\/2&#8243; css=&#8221;.vc_custom_1471796770554{margin-bottom: 30px !important;}&#8221;][vc_column_text]<\/p>\n<h3 class=\"thim-text-title\">Estrutura<\/h3>\n<p><strong>Presidente<\/strong><br \/>Ant\u00f3nio de Oliveira Duarte<\/p>\n<p><strong>Vice-Presidente<\/strong><br \/>V\u00edtor Jos\u00e9 Ribeiro<\/p>\n<p><strong>Vogal<\/strong><br \/>Ana Cristina Vieira[\/vc_column_text][\/vc_column][vc_column width=&#8221;1\/2&#8243; css=&#8221;.vc_custom_1471796781968{margin-bottom: 30px !important;}&#8221;][vc_column_text css=&#8221;&#8221;]<\/p>\n<a href=\"https:\/\/espan.edu.pt\/site\/wp-content\/uploads\/2025\/03\/Relatorio-da-conta-de-gerencia-2024.pdf\" class=\"pdfemb-viewer\" style=\"\" data-width=\"max\" data-height=\"max\"  data-toolbar=\"bottom\" data-toolbar-fixed=\"on\">Relat\u00f3rio da conta de ger\u00eancia 2024<br\/><\/a>\n<p>Pode descarregar <a href=\"https:\/\/espan.edu.pt\/site\/wp-content\/uploads\/2025\/03\/Relatorio-da-conta-de-gerencia-2024.pdf\" target=\"_blank\" rel=\"noopener noreferrer\">aqui<\/a> o documento.<\/p>\n<p>Publicado em 31-03-2025<\/p>\n<p>&#8212;&#8212;&#8212;&#8212;&#8212;&#8212;&#8212;&#8212;&#8212;&#8212;&#8212;&#8212;&#8212;&#8212;&#8212;&#8212;&#8212;&#8212;&#8212;&#8212;&#8212;&#8212;&#8212;&#8212;&#8212;&#8212;&#8212;&#8211;<\/p>\n<p>[\/vc_column_text][vc_column_text css=&#8221;&#8221;]<\/p>\n<a href=\"https:\/\/espan.edu.pt\/site\/wp-content\/uploads\/2024\/05\/Relatorio-da-conta-de-gerencia-2023-final.pdf\" class=\"pdfemb-viewer\" style=\"\" data-width=\"max\" data-height=\"max\"  data-toolbar=\"bottom\" data-toolbar-fixed=\"on\">Relat\u00f3rio da conta de ger\u00eancia 2023 final<br\/><\/a>\n<p>Pode descarregar <a href=\"https:\/\/espan.edu.pt\/site\/wp-content\/uploads\/2024\/05\/Relatorio-da-conta-de-gerencia-2023-final.pdf\">aqui<\/a> o documento.<\/p>\n<p>Publicado em 22-05-2024<\/p>\n<p>&#8212;&#8212;&#8212;&#8212;&#8212;&#8212;&#8212;&#8212;&#8212;&#8212;&#8212;&#8212;&#8212;&#8212;&#8212;&#8212;&#8212;&#8212;&#8212;&#8212;&#8212;&#8212;&#8212;&#8212;&#8212;&#8212;&#8212;&#8211;<\/p>\n<p>[\/vc_column_text][vc_column_text css=&#8221;&#8221;]<\/p>\n<a href=\"https:\/\/espan.edu.pt\/site\/wp-content\/uploads\/2024\/05\/Relatorio-da-conta-de-gerencia-2022-final.pdf\" class=\"pdfemb-viewer\" style=\"\" data-width=\"max\" data-height=\"max\"  data-toolbar=\"bottom\" data-toolbar-fixed=\"on\">Relat\u00f3rio da conta de ger\u00eancia 2022 final<br\/><\/a>\n<p>Pode descarregar <a href=\"https:\/\/espan.edu.pt\/site\/wp-content\/uploads\/2024\/05\/Relatorio-da-conta-de-gerencia-2022-final.pdf\">aqui<\/a> o documento.<\/p>\n<p>Publicado em 22-05-2024<\/p>\n<p>&#8212;&#8212;&#8212;&#8212;&#8212;&#8212;&#8212;&#8212;&#8212;&#8212;&#8212;&#8212;&#8212;&#8212;&#8212;&#8212;&#8212;&#8212;&#8212;&#8212;&#8212;&#8212;&#8212;&#8212;&#8212;&#8212;&#8212;&#8211;<\/p>\n<p>[\/vc_column_text][vc_column_text]<a href=\"https:\/\/espan.edu.pt\/site\/wp-content\/uploads\/2022\/05\/Relatorio-da-conta-de-gerencia-2021.pdf\" class=\"pdfemb-viewer\" style=\"\" data-width=\"max\" data-height=\"max\"  data-toolbar=\"bottom\" data-toolbar-fixed=\"on\">Relato\u0301rio da conta de gere\u0302ncia AEQB 2021<br\/><\/a><\/p>\n<p>Pode descarregar <a href=\"https:\/\/espan.edu.pt\/site\/wp-content\/uploads\/2022\/05\/Relatorio-da-conta-de-gerencia-2021.pdf\">aqui<\/a> o documento.<\/p>\n<p>Publicado em 18-05-2022<\/p>\n<p>&#8212;&#8212;&#8212;&#8212;&#8212;&#8212;&#8212;&#8212;&#8212;&#8212;&#8212;&#8212;&#8212;&#8212;&#8212;&#8212;&#8212;&#8212;&#8212;&#8212;&#8212;&#8212;&#8212;&#8212;&#8212;&#8212;&#8212;&#8211;[\/vc_column_text][vc_column_text]<a href=\"https:\/\/espan.edu.pt\/site\/wp-content\/uploads\/2021\/05\/Relato\u0301rio-da-conta-de-gere\u0302ncia-AEQB-2020.pdf\" class=\"pdfemb-viewer\" style=\"\" data-width=\"max\" data-height=\"max\"  data-toolbar=\"bottom\" data-toolbar-fixed=\"on\">Relato\u0301rio da conta de gere\u0302ncia AEQB 2020<br\/><\/a><\/p>\n<p>Pode descarregar <a href=\"https:\/\/espan.edu.pt\/site\/wp-content\/uploads\/2021\/05\/Relato\u0301rio-da-conta-de-gere\u0302ncia-AEQB-2020.pdf\">aqui<\/a> o documento.<\/p>\n<p>Publicado em 11-05-2021<\/p>\n<p>&#8212;&#8212;&#8212;&#8212;&#8212;&#8212;&#8212;&#8212;&#8212;&#8212;&#8212;&#8212;&#8212;&#8212;&#8212;&#8212;&#8212;&#8212;&#8212;&#8212;&#8212;&#8212;&#8212;&#8212;&#8212;&#8212;&#8212;&#8211;[\/vc_column_text][vc_column_text]<a href=\"https:\/\/espan.edu.pt\/site\/wp-content\/uploads\/2020\/05\/Relato\u0301rio-e-contas_de-2019.pdf\" class=\"pdfemb-viewer\" style=\"\" data-width=\"max\" data-height=\"max\"  data-toolbar=\"bottom\" data-toolbar-fixed=\"on\">Relato\u0301rio e contas_de 2019<br\/><\/a><\/p>\n<p>Pode descarregar <a href=\"https:\/\/espan.edu.pt\/site\/wp-content\/uploads\/2020\/05\/Relato\u0301rio-e-contas_de-2019.pdf\">aqui<\/a> o documento.<\/p>\n<p>Publicado em 13-05-2020[\/vc_column_text][\/vc_column][\/vc_row]<\/p>\n<\/div>","protected":false},"excerpt":{"rendered":"<p>[vc_row css=&#8221;.vc_custom_1471796791252{margin-bottom: 63px !important;}&#8221;][vc_column width=&#8221;1\/2&#8243; css=&#8221;.vc_custom_1471796770554{margin-bottom: 30px !important;}&#8221;][vc_column_text] Estrutura PresidenteAnt\u00f3nio de Oliveira Duarte Vice-PresidenteV\u00edtor Jos\u00e9 Ribeiro VogalAna Cristina Vieira[\/vc_column_text][\/vc_column][vc_column width=&#8221;1\/2&#8243; css=&#8221;.vc_custom_1471796781968{margin-bottom: 30px !important;}&#8221;][vc_column_text css=&#8221;&#8221;] Pode descarregar aqui o documento. Publicado &hellip; <\/p>\n","protected":false},"author":1,"featured_media":0,"parent":0,"menu_order":0,"comment_status":"closed","ping_status":"closed","template":"","meta":{"_bbp_topic_count":0,"_bbp_reply_count":0,"_bbp_total_topic_count":0,"_bbp_total_reply_count":0,"_bbp_voice_count":0,"_bbp_anonymous_reply_count":0,"_bbp_topic_count_hidden":0,"_bbp_reply_count_hidden":0,"_bbp_forum_subforum_count":0},"categories":[],"tags":[],"uagb_featured_image_src":{"full":false,"thumbnail":false,"medium":false,"medium_large":false,"large":false,"1536x1536":false,"2048x2048":false},"uagb_author_info":{"display_name":"Administrador","author_link":"https:\/\/espan.edu.pt\/site\/author\/administrador\/"},"uagb_comment_info":0,"uagb_excerpt":"[vc_row css=&#8221;.vc_custom_1471796791252{margin-bottom: 63px !important;}&#8221;][vc_column width=&#8221;1\/2&#8243; css=&#8221;.vc_custom_1471796770554{margin-bottom: 30px !important;}&#8221;][vc_column_text] Estrutura PresidenteAnt\u00f3nio de Oliveira Duarte Vice-PresidenteV\u00edtor Jos\u00e9 Ribeiro VogalAna Cristina Vieira[\/vc_column_text][\/vc_column][vc_column width=&#8221;1\/2&#8243; css=&#8221;.vc_custom_1471796781968{margin-bottom: 30px !important;}&#8221;][vc_column_text css=&#8221;&#8221;] Pode descarregar aqui o documento. Publicado &hellip;","_links":{"self":[{"href":"https:\/\/espan.edu.pt\/site\/wp-json\/wp\/v2\/pages\/13984"}],"collection":[{"href":"https:\/\/espan.edu.pt\/site\/wp-json\/wp\/v2\/pages"}],"about":[{"href":"https:\/\/espan.edu.pt\/site\/wp-json\/wp\/v2\/types\/page"}],"author":[{"embeddable":true,"href":"https:\/\/espan.edu.pt\/site\/wp-json\/wp\/v2\/users\/1"}],"replies":[{"embeddable":true,"href":"https:\/\/espan.edu.pt\/site\/wp-json\/wp\/v2\/comments?post=13984"}],"version-history":[{"count":18,"href":"https:\/\/espan.edu.pt\/site\/wp-json\/wp\/v2\/pages\/13984\/revisions"}],"predecessor-version":[{"id":252838,"href":"https:\/\/espan.edu.pt\/site\/wp-json\/wp\/v2\/pages\/13984\/revisions\/252838"}],"wp:attachment":[{"href":"https:\/\/espan.edu.pt\/site\/wp-json\/wp\/v2\/media?parent=13984"}],"wp:term":[{"taxonomy":"category","embeddable":true,"href":"https:\/\/espan.edu.pt\/site\/wp-json\/wp\/v2\/categories?post=13984"},{"taxonomy":"post_tag","embeddable":true,"href":"https:\/\/espan.edu.pt\/site\/wp-json\/wp\/v2\/tags?post=13984"}],"curies":[{"name":"wp","href":"https:\/\/api.w.org\/{rel}","templated":true}]}}