{"id":13960,"date":"2019-01-23T16:40:43","date_gmt":"2019-01-23T16:40:43","guid":{"rendered":"http:\/\/espan.edu.pt\/site\/?page_id=13960"},"modified":"2024-12-30T10:55:51","modified_gmt":"2024-12-30T10:55:51","slug":"conselho-pedagogico","status":"publish","type":"page","link":"https:\/\/espan.edu.pt\/site\/conselho-pedagogico\/","title":{"rendered":"Conselho Pedag\u00f3gico"},"content":{"rendered":"<div class=\"wpb-content-wrapper\"><p>[vc_row css=&#8221;.vc_custom_1471796791252{margin-bottom: 63px !important;}&#8221;][vc_column width=&#8221;1\/2&#8243; css=&#8221;.vc_custom_1471796770554{margin-bottom: 30px !important;}&#8221;][vc_column_text css=&#8221;&#8221;]<\/p>\n<h3 class=\"thim-text-title\">Estrutura<\/h3>\n<p><strong>Presidente<\/strong><br \/>Ant\u00f3nio de Oliveira Duarte<\/p>\n<p><strong>Coordenadora do Departamento da Educa\u00e7\u00e3o Pr\u00e9-escolar<\/strong><br \/>Maria Cristina Ferreira<\/p>\n<p><strong>Coordenadora do Departamento do 1\u00ba ciclo<\/strong><br \/>Carla Sofia Duarte<\/p>\n<p><strong>Coordenadora do Departamento de L\u00ednguas<\/strong><br \/>Maria Cristina Sousa<\/p>\n<p><strong>Coordenadora do Departamento de Ci\u00eancias Sociais e Humanas<\/strong><br \/>Maria da Concei\u00e7\u00e3o Correia<\/p>\n<p><strong>Coordenadora do Departamento de Matem\u00e1tica e Ci\u00eancias Experimentais<\/strong><br \/>Paula Trindade<\/p>\n<p><strong>Coordenador do Departamento de Express\u00f5es<\/strong><br \/>Joel Ricardo Noronha<\/p>\n<p><strong>Coordenadora do Departamento de Educa\u00e7\u00e3o Especial<\/strong><br \/>T\u00e2nia Sofia Henriques<\/p>\n<p><strong>Coordenadora dos Diretores de Turma do 2\u00ba Ciclo do EB<\/strong><br \/>Maria Luzanira Aires<\/p>\n<p><strong>Coordenadora dos Diretores de Turma do 3\u00ba Ciclo do EB<\/strong><br \/>Cristina Maria Levita<\/p>\n<p><strong>Coordenadora dos Diretores de Turma do Ensino Secund\u00e1rio<\/strong><br \/>Paula Cristina Martins<\/p>\n<p><strong>Coordenadora dos Cursos Profissionais<\/strong><br \/>Maria Isabel Fernandes<\/p>\n<p><strong>Coordenador dos Cursos de Educa\u00e7\u00e3o e Forma\u00e7\u00e3o de Adultos<\/strong><br \/>Paulo Rodrigues<\/p>\n<p><strong>Coordenadora das Bibliotecas Escolares<\/strong><br \/>Maria Paula Franco<\/p>\n<p><strong>Coordenador de Projetos e de Cidadania e Desenvolvimento<\/strong><br \/>Jo\u00e3o Ricardo Luz<\/p>\n<p><strong>Coordenadora do SPO<\/strong><br \/>Maria do C\u00e9u Ara\u00fajo<\/p>\n<p><strong>Coordenadora da Equipa de Autoavalia\u00e7\u00e3o do AEQB<\/strong><br \/>Isabel Rodrigues<\/p>\n<p>[\/vc_column_text][\/vc_column][vc_column width=&#8221;1\/2&#8243; css=&#8221;.vc_custom_1471796781968{margin-bottom: 30px !important;}&#8221;][\/vc_column][\/vc_row]<\/p>\n<\/div>","protected":false},"excerpt":{"rendered":"<p>[vc_row css=&#8221;.vc_custom_1471796791252{margin-bottom: 63px !important;}&#8221;][vc_column width=&#8221;1\/2&#8243; css=&#8221;.vc_custom_1471796770554{margin-bottom: 30px !important;}&#8221;][vc_column_text css=&#8221;&#8221;] Estrutura PresidenteAnt\u00f3nio de Oliveira Duarte Coordenadora do Departamento da Educa\u00e7\u00e3o Pr\u00e9-escolarMaria Cristina Ferreira Coordenadora do Departamento do 1\u00ba cicloCarla Sofia Duarte &hellip; <\/p>\n","protected":false},"author":1,"featured_media":0,"parent":0,"menu_order":0,"comment_status":"closed","ping_status":"closed","template":"","meta":{"_bbp_topic_count":0,"_bbp_reply_count":0,"_bbp_total_topic_count":0,"_bbp_total_reply_count":0,"_bbp_voice_count":0,"_bbp_anonymous_reply_count":0,"_bbp_topic_count_hidden":0,"_bbp_reply_count_hidden":0,"_bbp_forum_subforum_count":0},"categories":[],"tags":[],"uagb_featured_image_src":{"full":false,"thumbnail":false,"medium":false,"medium_large":false,"large":false,"1536x1536":false,"2048x2048":false},"uagb_author_info":{"display_name":"Administrador","author_link":"https:\/\/espan.edu.pt\/site\/author\/administrador\/"},"uagb_comment_info":0,"uagb_excerpt":"[vc_row css=&#8221;.vc_custom_1471796791252{margin-bottom: 63px !important;}&#8221;][vc_column width=&#8221;1\/2&#8243; css=&#8221;.vc_custom_1471796770554{margin-bottom: 30px !important;}&#8221;][vc_column_text css=&#8221;&#8221;] Estrutura PresidenteAnt\u00f3nio de Oliveira Duarte Coordenadora do Departamento da Educa\u00e7\u00e3o Pr\u00e9-escolarMaria Cristina Ferreira Coordenadora do Departamento do 1\u00ba cicloCarla Sofia Duarte &hellip;","_links":{"self":[{"href":"https:\/\/espan.edu.pt\/site\/wp-json\/wp\/v2\/pages\/13960"}],"collection":[{"href":"https:\/\/espan.edu.pt\/site\/wp-json\/wp\/v2\/pages"}],"about":[{"href":"https:\/\/espan.edu.pt\/site\/wp-json\/wp\/v2\/types\/page"}],"author":[{"embeddable":true,"href":"https:\/\/espan.edu.pt\/site\/wp-json\/wp\/v2\/users\/1"}],"replies":[{"embeddable":true,"href":"https:\/\/espan.edu.pt\/site\/wp-json\/wp\/v2\/comments?post=13960"}],"version-history":[{"count":17,"href":"https:\/\/espan.edu.pt\/site\/wp-json\/wp\/v2\/pages\/13960\/revisions"}],"predecessor-version":[{"id":252651,"href":"https:\/\/espan.edu.pt\/site\/wp-json\/wp\/v2\/pages\/13960\/revisions\/252651"}],"wp:attachment":[{"href":"https:\/\/espan.edu.pt\/site\/wp-json\/wp\/v2\/media?parent=13960"}],"wp:term":[{"taxonomy":"category","embeddable":true,"href":"https:\/\/espan.edu.pt\/site\/wp-json\/wp\/v2\/categories?post=13960"},{"taxonomy":"post_tag","embeddable":true,"href":"https:\/\/espan.edu.pt\/site\/wp-json\/wp\/v2\/tags?post=13960"}],"curies":[{"name":"wp","href":"https:\/\/api.w.org\/{rel}","templated":true}]}}