{"id":11451,"date":"2019-01-20T12:07:01","date_gmt":"2019-01-20T12:07:01","guid":{"rendered":"http:\/\/espan.edu.pt\/site\/?page_id=11451"},"modified":"2025-01-28T11:23:58","modified_gmt":"2025-01-28T11:23:58","slug":"apoio-tecnico","status":"publish","type":"page","link":"https:\/\/espan.edu.pt\/site\/apoio-tecnico\/","title":{"rendered":"Apoio T\u00e9cnico"},"content":{"rendered":"<div class=\"wpb-content-wrapper\"><p>[vc_row css=&#8221;.vc_custom_1471278472827{padding-top: 30px !important;}&#8221;][vc_column]<div class=\"thim-widget-heading\"><div class=\"sc_heading   text-center\"><h3 style=\"text-transform: uppercase;\" class=\"title\">Instala\u00e7\u00e3o e configura\u00e7\u00e3o do certificado na rede MINEDU nos Tablet\u2019s \u2013 a partir da vers\u00e3o Android 11<\/h3><p class=\"sub-heading\" style=\"\">Informamos que existem algumas marcas que usam o sistema Android puro, sem modifica\u00e7\u00f5es no campo dos certificados de rede WIFI. Nestas situa\u00e7\u00f5es ser\u00e1 necess\u00e1rio fazer a instala\u00e7\u00e3o manual do certificado e identificar o dom\u00ednio no momento da autentica\u00e7\u00e3o na rede MINEDU.<br \/>Para efetuar a liga\u00e7\u00e3o \u00e0 internet ser\u00e1 necess\u00e1rio fazer a instala\u00e7\u00e3o manual do certificado e identificar o dom\u00ednio no momento da autentica\u00e7\u00e3o na rede Minedu.<\/p><\/div><\/div>[\/vc_column][\/vc_row][vc_row][vc_column]<div class=\"thim-widget-single-images\"><div class=\"single-image text-center\"><img src =\"https:\/\/espan.edu.pt\/site\/wp-content\/uploads\/2025\/01\/android_logo_icon_168650.png\" width=\"512\" height=\"256\" alt=\"\"\/><\/div><\/div>[\/vc_column][\/vc_row][vc_row css=&#8221;.vc_custom_1471882824362{margin-bottom: 15px !important;}&#8221;][vc_column]<div class=\"thim-widget-heading\"><div class=\"sc_heading   text-center\"><h3 style=\"text-transform: uppercase;\" class=\"title\">Instala\u00e7\u00e3o passo a passo<\/h3><\/div><\/div>[\/vc_column][\/vc_row][vc_row gap=&#8221;15&#8243; css=&#8221;.vc_custom_1471883032517{margin-bottom: 0px !important;}&#8221;][vc_column width=&#8221;5\/12&#8243; css=&#8221;.vc_custom_1471883052082{margin-bottom: 65px !important;}&#8221;][vc_row_inner][vc_column_inner][vc_column_text css=&#8221;&#8221;]<\/p>\n<p>1.- Fazer o download do certificado\u00a0<a href=\"https:\/\/espan.edu.pt\/site\/wp-content\/uploads\/2025\/01\/cacert_AEQB.zip\"><strong>cacert.der<\/strong><\/a>.<\/p>\n<p>2.-\u00a0<strong>Instalar o certificado<\/strong>:<br \/>Defini\u00e7\u00f5es -&gt; Seguran\u00e7a -&gt; Defini\u00e7\u00f5es avan\u00e7adas -&gt; Encripta\u00e7\u00e3o e credenciais -&gt; Instalar um certificado -&gt;\u00a0<strong>Certificado de Wi-Fi<\/strong> e atribuir um nome ao certificado (exemplo: \u201cMINEDU AEQB\u201d).<\/p>\n<p>\u2013 Vai aparecer uma mensagem a confirmar se o certificado foi instalado.<\/p>\n<p>&nbsp;<\/p>\n<p>3. Ligar na\u00a0<strong>rede MINEDU<\/strong>\u00a0e\u00a0<strong>preencher os seguintes campos<\/strong>:<\/p>\n<p>\u2013 M\u00e9todo EAP -&gt;\u00a0<strong>PEAP<\/strong><\/p>\n<p>\u2013 Autentica\u00e7\u00e3o da fase 2 -&gt;\u00a0<strong>MSCHAPV2<\/strong><\/p>\n<p>\u2013 Certificado CA -&gt;<strong> \u201cMINEDU AEQB\u201d<\/strong><\/p>\n<p>\u2013 Estado do certificado online -&gt;\u00a0<strong>N\u00e3o validar<\/strong><\/p>\n<p>\u2013 Dom\u00ednio -&gt; <span data-teams=\"true\"><a id=\"menur6l\" class=\"fui-Link ___1q1shib f2hkw1w f3rmtva f1ewtqcl fyind8e f1k6fduh f1w7gpdv fk6fouc fjoy568 figsok6 f1s184ao f1mk8lai fnbmjn9 f1o700av f13mvf36 f1cmlufx f9n3di6 f1ids18y f1tx3yz7 f1deo86v f1eh06m1 f1iescvh fhgqx19 f1olyrje f1p93eir f1nev41a f1h8hb77 f1lqvz6u f10aw75t fsle3fq f17ae5zn\" title=\"mailto:e1111226-b1eb1@escola1111226.pt\" href=\"mailto:E1111226-B1EB1@escola1111226.pt\" target=\"_blank\" rel=\"noreferrer noopener\" aria-label=\"Liga\u00e7\u00e3o E1111226-B1EB1@escola1111226.pt\">E1111226-B1EB1@escola1111226.pt<\/a><\/span><\/p>\n<p>\u2013 Identidade -&gt; [<strong>prefixo mail institucional<\/strong>]<\/p>\n<p>\u2013 Identidade an\u00f3nima -&gt; [<strong>prefixo mail institucional<\/strong><strong>\u00a0ou deixar em branco<\/strong>]<\/p>\n<p>\u2013 Palava-passe -&gt; [<strong>palavra-passe do mail institucional<\/strong>]<\/p>\n<p>\u2013 Clicar no bot\u00e3o -&gt;\u00a0<strong>\u201cLigar\u201d<\/strong><\/p>\n<p>[\/vc_column_text][\/vc_column_inner][\/vc_row_inner][\/vc_column][vc_column width=&#8221;7\/12&#8243; css=&#8221;.vc_custom_1471883042501{margin-bottom: 65px !important;}&#8221;][vc_row_inner][vc_column_inner][vc_single_image image=&#8221;252706&#8243; img_size=&#8221;full&#8221; css=&#8221;&#8221;][\/vc_column_inner][\/vc_row_inner][\/vc_column][\/vc_row]<\/p>\n<\/div>","protected":false},"excerpt":{"rendered":"<p>[vc_row css=&#8221;.vc_custom_1471278472827{padding-top: 30px !important;}&#8221;][vc_column][\/vc_column][\/vc_row][vc_row][vc_column][\/vc_column][\/vc_row][vc_row css=&#8221;.vc_custom_1471882824362{margin-bottom: 15px !important;}&#8221;][vc_column][\/vc_column][\/vc_row][vc_row gap=&#8221;15&#8243; css=&#8221;.vc_custom_1471883032517{margin-bottom: 0px !important;}&#8221;][vc_column width=&#8221;5\/12&#8243; css=&#8221;.vc_custom_1471883052082{margin-bottom: 65px !important;}&#8221;][vc_row_inner][vc_column_inner][vc_column_text css=&#8221;&#8221;] 1.- Fazer o download do certificado\u00a0cacert.der. 2.-\u00a0Instalar o certificado:Defini\u00e7\u00f5es -&gt; Seguran\u00e7a -&gt; Defini\u00e7\u00f5es avan\u00e7adas &hellip; <\/p>\n","protected":false},"author":1,"featured_media":0,"parent":0,"menu_order":0,"comment_status":"closed","ping_status":"closed","template":"","meta":{"_bbp_topic_count":0,"_bbp_reply_count":0,"_bbp_total_topic_count":0,"_bbp_total_reply_count":0,"_bbp_voice_count":0,"_bbp_anonymous_reply_count":0,"_bbp_topic_count_hidden":0,"_bbp_reply_count_hidden":0,"_bbp_forum_subforum_count":0},"categories":[],"tags":[],"uagb_featured_image_src":{"full":false,"thumbnail":false,"medium":false,"medium_large":false,"large":false,"1536x1536":false,"2048x2048":false},"uagb_author_info":{"display_name":"Administrador","author_link":"https:\/\/espan.edu.pt\/site\/author\/administrador\/"},"uagb_comment_info":0,"uagb_excerpt":"[vc_row css=&#8221;.vc_custom_1471278472827{padding-top: 30px !important;}&#8221;][vc_column][\/vc_column][\/vc_row][vc_row][vc_column][\/vc_column][\/vc_row][vc_row css=&#8221;.vc_custom_1471882824362{margin-bottom: 15px !important;}&#8221;][vc_column][\/vc_column][\/vc_row][vc_row gap=&#8221;15&#8243; css=&#8221;.vc_custom_1471883032517{margin-bottom: 0px !important;}&#8221;][vc_column width=&#8221;5\/12&#8243; css=&#8221;.vc_custom_1471883052082{margin-bottom: 65px !important;}&#8221;][vc_row_inner][vc_column_inner][vc_column_text css=&#8221;&#8221;] 1.- Fazer o download do certificado\u00a0cacert.der. 2.-\u00a0Instalar o certificado:Defini\u00e7\u00f5es -&gt; Seguran\u00e7a -&gt; Defini\u00e7\u00f5es avan\u00e7adas &hellip;","_links":{"self":[{"href":"https:\/\/espan.edu.pt\/site\/wp-json\/wp\/v2\/pages\/11451"}],"collection":[{"href":"https:\/\/espan.edu.pt\/site\/wp-json\/wp\/v2\/pages"}],"about":[{"href":"https:\/\/espan.edu.pt\/site\/wp-json\/wp\/v2\/types\/page"}],"author":[{"embeddable":true,"href":"https:\/\/espan.edu.pt\/site\/wp-json\/wp\/v2\/users\/1"}],"replies":[{"embeddable":true,"href":"https:\/\/espan.edu.pt\/site\/wp-json\/wp\/v2\/comments?post=11451"}],"version-history":[{"count":20,"href":"https:\/\/espan.edu.pt\/site\/wp-json\/wp\/v2\/pages\/11451\/revisions"}],"predecessor-version":[{"id":252711,"href":"https:\/\/espan.edu.pt\/site\/wp-json\/wp\/v2\/pages\/11451\/revisions\/252711"}],"wp:attachment":[{"href":"https:\/\/espan.edu.pt\/site\/wp-json\/wp\/v2\/media?parent=11451"}],"wp:term":[{"taxonomy":"category","embeddable":true,"href":"https:\/\/espan.edu.pt\/site\/wp-json\/wp\/v2\/categories?post=11451"},{"taxonomy":"post_tag","embeddable":true,"href":"https:\/\/espan.edu.pt\/site\/wp-json\/wp\/v2\/tags?post=11451"}],"curies":[{"name":"wp","href":"https:\/\/api.w.org\/{rel}","templated":true}]}}